{"id":9,"date":"2018-04-04T11:38:26","date_gmt":"2018-04-04T09:38:26","guid":{"rendered":"http:\/\/prepa.maisonecohuis.be\/?page_id=9"},"modified":"2026-02-05T15:01:53","modified_gmt":"2026-02-05T14:01:53","slug":"contact","status":"publish","type":"page","link":"https:\/\/maisonecohuis.be\/?page_id=9","title":{"rendered":"Notre \u00e9quipe"},"content":{"rendered":"\n<h3 class=\"wp-block-heading\"><strong>Service Climat et Biodiversit\u00e9\u00a0<\/strong><\/h3>\n\n\n\n<p><strong>Sandrine Snyers<\/strong><br>Coordinatrice MaisonEcoHuis<br>Mail: <a href=\"mailto:ssnyers@stgilles.irisnet.be\">ssnyers@stgilles.brussels<\/a><br>Tel: 02\/533.95.94<\/p>\n\n\n\n<p><strong>Elisa Ruwet<\/strong><br>Charg\u00e9e de projets &#8211; Biodiversit\u00e9 Urbaine<br>Mail: <a href=\"mailto:eruwet@stgilles.brussels\">eruwet@stgilles.brussels<\/a><br>Tel: 0490\/47.64.01<\/p>\n\n\n\n<p><strong>Nicolas Pelloquin<\/strong><br>Coordinateur Plan Climat<br>Mail: <a href=\"mailto:npelloquin@stgilles.brussels\">npelloquin@stgilles.brussels<\/a><br>Tel: 0490\/68.07.29<\/p>\n\n\n\n<p><strong>Loes Salomez<br><\/strong>\u00c9chevine Climat et Biodiversit\u00e9, Propri\u00e9t\u00e9s communales, \u00c9nergie, Affaires n\u00e9erlandophones<br>Place M. van Meenen 39<br>1060 St-Gilles<br>E-mail : <a href=\"mailto:lsalomez@stgilles.brussels\">lsalomez@stgilles.brussels<\/a><\/p>\n\n\n\n<hr class=\"wp-block-separator has-alpha-channel-opacity\"\/>\n\n\n\n<h3 class=\"wp-block-heading\"><strong>Cellule Bien-\u00eatre animal<\/strong><\/h3>\n\n\n\n<p><strong>Elisa Ruwet<\/strong><br>Coordination de la cellule et charg\u00e9e de projets<br>Mail : <a href=\"mailto:bienetreanimal@stgilles.brussels\" target=\"_blank\" rel=\"noreferrer noopener\">bienetreanimal@stgilles.brussels<\/a><br>Tel : 0490\/47.64.01<\/p>\n\n\n\n<p><strong>Francesco Iammarino<\/strong><br>\u00c9chevin du Bien-\u00eatre animal, de la Culture et du D\u00e9veloppement \u00e9conomique<br>Place M. van Meenen 39<br>1060 St-Gilles<br>E-mail : <a href=\"mailto:fiammarino@stgilles.brussels\" target=\"_blank\" rel=\"noreferrer noopener\">fiammarino@stgilles.brussels<\/a><\/p>\n\n\n\n<hr class=\"wp-block-separator has-alpha-channel-opacity\"\/>\n\n\n\n<h3 class=\"wp-block-heading\"><strong>Eco&amp;Co<\/strong><\/h3>\n\n\n\n<p>E-mail : <a href=\"mailto:eco&amp;co@cpasstgilles.brussels\">eco&amp;co@cpasstgilles.brussels<\/a><br>Tel : 02\/533.95.90<\/p>\n\n\n\n<hr class=\"wp-block-separator has-alpha-channel-opacity\"\/>\n\n\n\n<h3 class=\"wp-block-heading\"><strong>Besoin d&rsquo;autres informations ?<\/strong><\/h3>\n\n\n\n<p><a href=\"https:\/\/stgilles.brussels\/\" target=\"_blank\" rel=\"noreferrer noopener\">Commune de Saint-Gilles<\/a><\/p>\n\n\n\n<p><a href=\"https:\/\/stgilles.brussels\/services\/qualite-de-vie\/cellule-de-vegetalisation-urbaine\/\" target=\"_blank\" rel=\"noreferrer noopener\">Cellule de V\u00e9g\u00e9talisation Urbaine (CVU)<\/a><\/p>\n\n\n\n<p><a href=\"https:\/\/stgilles.brussels\/services\/espace-public\/espaces-publics-espaces-verts\/\" target=\"_blank\" rel=\"noopener\" title=\"\">Service Espace Vert de la commune<\/a><\/p>\n\n\n\n<p><\/p>\n","protected":false},"excerpt":{"rendered":"<p>Service Climat et Biodiversit\u00e9\u00a0 Sandrine SnyersCoordinatrice MaisonEcoHuisMail: ssnyers@stgilles.brusselsTel: 02\/533.95.94 Elisa RuwetCharg\u00e9e de projets &#8211; Biodiversit\u00e9 UrbaineMail: eruwet@stgilles.brusselsTel: 0490\/47.64.01 Nicolas PelloquinCoordinateur Plan ClimatMail: npelloquin@stgilles.brusselsTel: 0490\/68.07.29 Loes [&hellip;] <span class=\"read-more-link\"><a class=\"read-more\" href=\"https:\/\/maisonecohuis.be\/?page_id=9\">Read More<\/a><\/span><\/p>\n","protected":false},"author":1,"featured_media":0,"parent":0,"menu_order":0,"comment_status":"closed","ping_status":"closed","template":"","meta":{"om_disable_all_campaigns":false,"_monsterinsights_skip_tracking":false,"_monsterinsights_sitenote_active":false,"_monsterinsights_sitenote_note":"","_monsterinsights_sitenote_category":0,"_uf_show_specific_survey":0,"_uf_disable_surveys":false,"footnotes":""},"class_list":["post-9","page","type-page","status-publish","hentry"],"aioseo_notices":[],"_links":{"self":[{"href":"https:\/\/maisonecohuis.be\/index.php?rest_route=\/wp\/v2\/pages\/9","targetHints":{"allow":["GET"]}}],"collection":[{"href":"https:\/\/maisonecohuis.be\/index.php?rest_route=\/wp\/v2\/pages"}],"about":[{"href":"https:\/\/maisonecohuis.be\/index.php?rest_route=\/wp\/v2\/types\/page"}],"author":[{"embeddable":true,"href":"https:\/\/maisonecohuis.be\/index.php?rest_route=\/wp\/v2\/users\/1"}],"replies":[{"embeddable":true,"href":"https:\/\/maisonecohuis.be\/index.php?rest_route=%2Fwp%2Fv2%2Fcomments&post=9"}],"version-history":[{"count":50,"href":"https:\/\/maisonecohuis.be\/index.php?rest_route=\/wp\/v2\/pages\/9\/revisions"}],"predecessor-version":[{"id":5648,"href":"https:\/\/maisonecohuis.be\/index.php?rest_route=\/wp\/v2\/pages\/9\/revisions\/5648"}],"wp:attachment":[{"href":"https:\/\/maisonecohuis.be\/index.php?rest_route=%2Fwp%2Fv2%2Fmedia&parent=9"}],"curies":[{"name":"wp","href":"https:\/\/api.w.org\/{rel}","templated":true}]}}

Notre équipe

<h3 class="wp-block-heading"><strong>Service Climat et Biodiversité </strong></h3>



<p><strong>Sandrine Snyers</strong><br>Coordinatrice MaisonEcoHuis<br>Mail: <a href="mailto:ssnyers@stgilles.irisnet.be">ssnyers@stgilles.brussels</a><br>Tel: 02/533.95.94</p>



<p><strong>Elisa Ruwet</strong><br>Chargée de projets &#8211; Biodiversité Urbaine<br>Mail: <a href="mailto:eruwet@stgilles.brussels">eruwet@stgilles.brussels</a><br>Tel: 0490/47.64.01</p>



<p><strong>Nicolas Pelloquin</strong><br>Coordinateur Plan Climat<br>Mail: <a href="mailto:npelloquin@stgilles.brussels">npelloquin@stgilles.brussels</a><br>Tel: 0490/68.07.29</p>



<p><strong>Loes Salomez<br></strong>Échevine Climat et Biodiversité, Propriétés communales, Énergie, Affaires néerlandophones<br>Place M. van Meenen 39<br>1060 St-Gilles<br>E-mail : <a href="mailto:lsalomez@stgilles.brussels">lsalomez@stgilles.brussels</a></p>



<hr class="wp-block-separator has-alpha-channel-opacity"/>



<h3 class="wp-block-heading"><strong>Cellule Bien-être animal</strong></h3>



<p><strong>Elisa Ruwet</strong><br>Coordination de la cellule et chargée de projets<br>Mail : <a href="mailto:bienetreanimal@stgilles.brussels" target="_blank" rel="noreferrer noopener">bienetreanimal@stgilles.brussels</a><br>Tel : 0490/47.64.01</p>



<p><strong>Francesco Iammarino</strong><br>Échevin du Bien-être animal, de la Culture et du Développement économique<br>Place M. van Meenen 39<br>1060 St-Gilles<br>E-mail : <a href="mailto:fiammarino@stgilles.brussels" target="_blank" rel="noreferrer noopener">fiammarino@stgilles.brussels</a></p>



<hr class="wp-block-separator has-alpha-channel-opacity"/>



<h3 class="wp-block-heading"><strong>Eco&amp;Co</strong></h3>



<p>E-mail : <a href="mailto:eco&amp;co@cpasstgilles.brussels">eco&amp;co@cpasstgilles.brussels</a><br>Tel : 02/533.95.90</p>



<hr class="wp-block-separator has-alpha-channel-opacity"/>



<h3 class="wp-block-heading"><strong>Besoin d&rsquo;autres informations ?</strong></h3>



<p><a href="https://stgilles.brussels/" target="_blank" rel="noreferrer noopener">Commune de Saint-Gilles</a></p>



<p><a href="https://stgilles.brussels/services/qualite-de-vie/cellule-de-vegetalisation-urbaine/" target="_blank" rel="noreferrer noopener">Cellule de Végétalisation Urbaine (CVU)</a></p>



<p><a href="https://stgilles.brussels/services/espace-public/espaces-publics-espaces-verts/" target="_blank" rel="noopener" title="">Service Espace Vert de la commune</a></p>



<p></p>

<p>Service Climat et Biodiversité  Sandrine SnyersCoordinatrice MaisonEcoHuisMail: ssnyers@stgilles.brusselsTel: 02/533.95.94 Elisa RuwetChargée de projets &#8211; Biodiversité UrbaineMail: eruwet@stgilles.brusselsTel: 0490/47.64.01 Nicolas PelloquinCoordinateur Plan ClimatMail: npelloquin@stgilles.brusselsTel: 0490/68.07.29 Loes [&hellip;] <span class="read-more-link"><a class="read-more" href="https://maisonecohuis.be/?page_id=9">Read More</a></span></p>
