{"id":789,"date":"2019-05-23T13:27:12","date_gmt":"2019-05-23T11:27:12","guid":{"rendered":"http:\/\/maisonecohuis.be\/?page_id=789"},"modified":"2019-05-23T15:11:19","modified_gmt":"2019-05-23T13:11:19","slug":"autres","status":"publish","type":"page","link":"https:\/\/maisonecohuis.be\/?page_id=789","title":{"rendered":"Autres th\u00e8mes"},"content":{"rendered":"<h1 class=\"entry-title\">Conf\u00e9rence : Jardins et balcons, les am\u00e9nager en faveur de la biodiversit\u00e9 &#8211;\u00a014\/03\/2019 \u2013 de 18h30 \u00e0 20h00<\/h1>\n<p>&nbsp;<\/p>\n<p><span lang=\"fr-BE\"><img decoding=\"async\" class=\"alignleft\" src=\"http:\/\/maisonecohuis.be\/wp-content\/uploads\/2019\/02\/balcon_biodivesrit%C3%A9-300x258.jpg\" \/>Du fait de nombreuses perturbations humaines (destruction des haies, des vieux arbres ou utilisation de produits chimiques), les oiseaux ont souvent du mal \u00e0 trouver des endroits pour nicher ou se nourrir, notamment en zone urbaine. Vous pouvez les aider \u00e0 votre \u00e9chelle en cr\u00e9ant un coin de nature propice aux oiseaux, d\u2019o\u00f9 seront bannis les produits chimiques.<br \/>\nUn jardin favorable aux oiseaux leur offrira nourriture, eau et abri. Les arbres et les arbustes constitueront des sites de nidification et pourront offrir des baies, les grimpantes comme le lierre constitueront des abris et les fleurs seront fr\u00e9quent\u00e9es par les insectes pollinisateurs (parfois mang\u00e9s par les oiseaux et les chauves-souris) et fourniront parfois des graines en automne. N\u2019oubliez pas bien s\u00fbr un point d\u2019eau pour que les oiseaux puissent boire et se baigner.<\/span><\/p>\n<p><span lang=\"fr-BE\">Ludivine Janssens, de la\u00a0<strong>Ligue Royale Belge pour la Protection des Oiseaux<\/strong>, viendra tout vous expliquer et r\u00e9pondre \u00e0 vos questions pour am\u00e9nager vos@stgilles.brussels petits espaces propices \u00e0 la biodiversit\u00e9.<br \/>\n<\/span><\/p>\n<p><strong>Date: 14\/03\/2019 \u2013 de 18h30 \u00e0 20h00<\/strong><\/p>\n<p><strong>Lieu: Maison du Peuple \u2013 Parvis de Saint-Gilles<\/strong><\/p>\n<p><strong>Gratuit<\/strong><\/p>\n<p>Infos et inscriptions: maisonecohuis@stgilles.brussels<\/p>\n<p>&nbsp;<\/p>\n<p>&nbsp;<\/p>\n<h1 class=\"entry-title\">Conf\u00e9rence-d\u00e9bat \u00ab\u00a0Comment nourrir les oiseaux en hiver ?\u00a0\u00bb &#8211; 17\/01\/2019<\/h1>\n<p>&nbsp;<\/p>\n<p><img loading=\"lazy\" decoding=\"async\" class=\"alignleft\" src=\"http:\/\/maisonecohuis.be\/wp-content\/uploads\/2018\/11\/Affiche-Conf%C3%A9rence-nourrir-les-oiseaux-en-hiver-lrbpo-225x300.jpg\" width=\"270\" height=\"360\" \/>La MaisonEco invite la\u00a0<a href=\"https:\/\/protectiondesoiseaux.be\/\" target=\"_blank\" rel=\"noopener\">LRBPO<\/a>\u00a0(Ligue Belge pour la Protection des Oiseaux) pour donner des conseils sur comment bien nourrir les oiseaux en hiver et d\u00e9battre autour de la th\u00e9matique.<\/p>\n<p>Quand ? Jeudi 17 janvier 2019, 19h<\/p>\n<p>O\u00f9 ? Maison du Peuple (39 Parvis de Saint-Gilles, 1060 Bruxelles)<\/p>\n<p>Inscription souhait\u00e9e :\u00a0<a href=\"mailto:eruwet@stgilles.irisnet.be\">eruwet@stgilles.brussels<\/a><\/p>\n<p>Conf\u00e9rence en fran\u00e7ais et gratuite<\/p>\n<p>&nbsp;<\/p>\n<p>&nbsp;<\/p>\n<h1 class=\"entry-title\">Conf\u00e9rence sur les oiseaux cavernicoles de nos villes &#8211; 13\/12\/2018<\/h1>\n<p>&nbsp;<\/p>\n<p>Dans le cadre du projet de protection des Martinets, la MaisonEco invite Alain Paquet de\u00a0<a href=\"https:\/\/mailbox.irisnet.be\/owa\/redir.aspx?C=Fd_2Ekyad5hxgZQbeZqC_E_1wXb8-FoSTkt27kNRFkEfwIum9krWCA..&amp;URL=https%3a%2f%2firisnet.us4.list-manage.com%2ftrack%2fclick%3fu%3df65936c5e1c9521aebd09ce9c%26id%3d250bf9f6e5%26e%3d2397334ee5\" target=\"_blank\" rel=\"noopener\">Natagora<\/a>\u00a0\u00e0 venir nous parler des oiseaux cavernicoles de nos villes : martinet noir, moineau domestique, \u00e9tourneaux, m\u00e9sanges, rougequeue noir, faucon p\u00e8lerin. Qui sont-ils ? Comment les reconna\u00eetre ? Comment les prot\u00e9ger ? Comment \u00e9voluent-ils en villes ? O\u00f9 nichent-ils ?<\/p>\n<p>Quand ? Jeudi 13 d\u00e9cembre 2018, 18h30<\/p>\n<p>O\u00f9 ? Au pianofabriek (35 rue du Fort, 1060 Bruxelles)<\/p>\n<p>Inscription souhait\u00e9e :\u00a0<a href=\"mailto:eruwet@stgilles.irisnet.be\">eruwet@stgilles.irisnet.be<\/a><\/p>\n<p>Conf\u00e9rence en fran\u00e7ais et gratuite.<\/p>\n<p><img loading=\"lazy\" decoding=\"async\" class=\"alignnone size-full wp-image-584\" src=\"http:\/\/maisonecohuis.be\/wp-content\/uploads\/2018\/11\/Affiche-conf-Alain-Paquet-NL.jpg\" alt=\"\" width=\"960\" height=\"720\" srcset=\"https:\/\/maisonecohuis.be\/wp-content\/uploads\/2018\/11\/Affiche-conf-Alain-Paquet-NL.jpg 960w, https:\/\/maisonecohuis.be\/wp-content\/uploads\/2018\/11\/Affiche-conf-Alain-Paquet-NL-300x225.jpg 300w, https:\/\/maisonecohuis.be\/wp-content\/uploads\/2018\/11\/Affiche-conf-Alain-Paquet-NL-768x576.jpg 768w\" sizes=\"auto, (max-width: 960px) 100vw, 960px\" \/><\/p>\n<p>&nbsp;<\/p>\n<h1 class=\"entry-title\">Action de ramassage de m\u00e9gots dans les rues de Saint-Gilles &#8211; 25\/11\/2018<\/h1>\n<p>&nbsp;<\/p>\n<p><img loading=\"lazy\" decoding=\"async\" class=\"alignnone size-full wp-image-569\" src=\"http:\/\/maisonecohuis.be\/wp-content\/uploads\/2018\/11\/affiche-m\u00e9got.jpg\" alt=\"\" width=\"960\" height=\"720\" srcset=\"https:\/\/maisonecohuis.be\/wp-content\/uploads\/2018\/11\/affiche-m\u00e9got.jpg 960w, https:\/\/maisonecohuis.be\/wp-content\/uploads\/2018\/11\/affiche-m\u00e9got-300x225.jpg 300w, https:\/\/maisonecohuis.be\/wp-content\/uploads\/2018\/11\/affiche-m\u00e9got-768x576.jpg 768w\" sizes=\"auto, (max-width: 960px) 100vw, 960px\" \/><\/p>\n<p>Action de ramassage de m\u00e9gots dans les rues de Saint-Gilles\u00a0dans le cadre de la semaine europ\u00e9enne de r\u00e9duction des d\u00e9chets.<\/p>\n<p>D\u00e9part place Van Meenen (rdv pr\u00e8s du v\u00e9lo box) \u00e0 10h30 dimanche 25\/11.<\/p>\n<p>Venez nombreux !<\/p>\n<p>&nbsp;<\/p>\n<h1 class=\"entry-title\">Eco-r\u00e9novons, tout simplement ! Pour une r\u00e9novation \u00e9co accessible \u00e0 tous<\/h1>\n<p>&nbsp;<\/p>\n<p><img loading=\"lazy\" decoding=\"async\" class=\"alignnone size-full wp-image-552\" src=\"http:\/\/maisonecohuis.be\/wp-content\/uploads\/2018\/11\/eco-renovons-2018-1.png\" alt=\"\" width=\"648\" height=\"129\" srcset=\"https:\/\/maisonecohuis.be\/wp-content\/uploads\/2018\/11\/eco-renovons-2018-1.png 648w, https:\/\/maisonecohuis.be\/wp-content\/uploads\/2018\/11\/eco-renovons-2018-1-300x60.png 300w\" sizes=\"auto, (max-width: 648px) 100vw, 648px\" \/><\/p>\n<p>T\u00e9l\u00e9chargez le programme:\u00a0<a href=\"http:\/\/maisonecohuis.be\/wp-content\/uploads\/2018\/11\/WEBflyersA5conf%C3%A9renceReno.pdf\">WEBflyersA5conf\u00e9renceReno<\/a><\/p>\n<p>&nbsp;<\/p>\n<p>&nbsp;<\/p>\n<h1 class=\"entry-title\">Conf\u00e9rence \u00ab\u00a0Martinets entre ciel et pierres\u00a0\u00bb &#8211; 30\/06\/2018<\/h1>\n<p>&nbsp;<\/p>\n<p><img loading=\"lazy\" decoding=\"async\" class=\"wp-image-311 alignleft\" src=\"http:\/\/maisonecohuis.be\/wp-content\/uploads\/2018\/06\/14599969.jpg\" alt=\"\" width=\"339\" height=\"255\" srcset=\"https:\/\/maisonecohuis.be\/wp-content\/uploads\/2018\/06\/14599969.jpg 800w, https:\/\/maisonecohuis.be\/wp-content\/uploads\/2018\/06\/14599969-300x225.jpg 300w, https:\/\/maisonecohuis.be\/wp-content\/uploads\/2018\/06\/14599969-768x576.jpg 768w\" sizes=\"auto, (max-width: 339px) 100vw, 339px\" \/>Dans le cadre du lancement du projet\u00a0<em>Hirondelles et Martinets<\/em>\u00a0\u00e0 Saint-Gilles, Martine WAUTERS \u2013 ornithologue \u2013 donnera une conf\u00e9rence sur les Martinets noirs (habitat, comportement, d\u00e9clin\u2026) \u00e0\u00a0 la Maison Pelgrims (69 rue de Parme-1060 Saint-Gilles) \u00e0 18h00 (ouverture des portes \u00e0 17h30). Gratuit<\/p>\n<p><strong>Infos &amp; inscriptions:<\/strong>\u00a0maisonecohuis@stgilles.brussels \u2013 02\/852.71.45<\/p>\n","protected":false},"excerpt":{"rendered":"<p>Conf\u00e9rence : Jardins et balcons, les am\u00e9nager en faveur de la biodiversit\u00e9 &#8211;\u00a014\/03\/2019 \u2013 de 18h30 \u00e0 20h00 &nbsp; Du fait de nombreuses perturbations humaines [&hellip;] <span class=\"read-more-link\"><a class=\"read-more\" href=\"https:\/\/maisonecohuis.be\/?page_id=789\">Read More<\/a><\/span><\/p>\n","protected":false},"author":1,"featured_media":0,"parent":13,"menu_order":0,"comment_status":"closed","ping_status":"closed","template":"","meta":{"om_disable_all_campaigns":false,"_monsterinsights_skip_tracking":false,"_monsterinsights_sitenote_active":false,"_monsterinsights_sitenote_note":"","_monsterinsights_sitenote_category":0,"_uf_show_specific_survey":0,"_uf_disable_surveys":false,"footnotes":""},"class_list":["post-789","page","type-page","status-publish","hentry"],"aioseo_notices":[],"_links":{"self":[{"href":"https:\/\/maisonecohuis.be\/index.php?rest_route=\/wp\/v2\/pages\/789","targetHints":{"allow":["GET"]}}],"collection":[{"href":"https:\/\/maisonecohuis.be\/index.php?rest_route=\/wp\/v2\/pages"}],"about":[{"href":"https:\/\/maisonecohuis.be\/index.php?rest_route=\/wp\/v2\/types\/page"}],"author":[{"embeddable":true,"href":"https:\/\/maisonecohuis.be\/index.php?rest_route=\/wp\/v2\/users\/1"}],"replies":[{"embeddable":true,"href":"https:\/\/maisonecohuis.be\/index.php?rest_route=%2Fwp%2Fv2%2Fcomments&post=789"}],"version-history":[{"count":7,"href":"https:\/\/maisonecohuis.be\/index.php?rest_route=\/wp\/v2\/pages\/789\/revisions"}],"predecessor-version":[{"id":820,"href":"https:\/\/maisonecohuis.be\/index.php?rest_route=\/wp\/v2\/pages\/789\/revisions\/820"}],"up":[{"embeddable":true,"href":"https:\/\/maisonecohuis.be\/index.php?rest_route=\/wp\/v2\/pages\/13"}],"wp:attachment":[{"href":"https:\/\/maisonecohuis.be\/index.php?rest_route=%2Fwp%2Fv2%2Fmedia&parent=789"}],"curies":[{"name":"wp","href":"https:\/\/api.w.org\/{rel}","templated":true}]}}