{"id":639,"date":"2018-11-27T14:59:47","date_gmt":"2018-11-27T13:59:47","guid":{"rendered":"http:\/\/maisonecohuis.be\/?page_id=639"},"modified":"2021-12-02T11:21:28","modified_gmt":"2021-12-02T10:21:28","slug":"des-parkings-velos-securises","status":"publish","type":"page","link":"https:\/\/maisonecohuis.be\/?page_id=639","title":{"rendered":"Des parkings v\u00e9los s\u00e9curis\u00e9s"},"content":{"rendered":"<div>\n<p>Les boxes \u00e0 v\u00e9lo de Saint-Gilles font l\u2019objet d\u2019une convention de gestion entre la commune et l\u2019Agence r\u00e9gionale du stationnement <a href=\"https:\/\/parking.brussels\/\" target=\"_blank\" rel=\"noopener\">parking.brussels<\/a>.<\/p>\n<div class=\"subtitleInText\">Chaque place fait l\u2019objet d\u2019un abonnement annuel de 60 \u20ac. La cl\u00e9 ou le badge d\u2019acc\u00e8s est remis contre une caution de 20 \u20ac.<\/div>\n<p>Les emplacements sont attribu\u00e9s sous conditions:<\/p>\n<ul>\n<li>d\u2019utiliser le v\u00e9lo comme principal moyen de transport<\/li>\n<li>de r\u00e9sider dans un rayon de 200 m d\u2019un box donn\u00e9<\/li>\n<li>de ne pas avoir de solution personnelle pour garer son v\u00e9lo ailleurs que dans la rue<\/li>\n<\/ul>\n<p>Int\u00e9ress\u00e9? Inscrivez-vous via la plateforme <a href=\"https:\/\/cycloparking.brussels\/fr\/\" target=\"_blank\" rel=\"noopener\">www.cycloparking.org<\/a>.<\/p>\n<p>&nbsp;<\/p>\n<p><iframe loading=\"lazy\" src=\"https:\/\/player.vimeo.com\/video\/106259429?h=a172524781&amp;dnt=1&amp;app_id=122963\" width=\"640\" height=\"360\" frameborder=\"0\" allow=\"autoplay; fullscreen; picture-in-picture\" allowfullscreen title=\"Promouvoir la mobilit&amp;eacute; douce \/ Zachte mobiliteit bevorderen\"><\/iframe><\/p>\n<\/div>\n","protected":false},"excerpt":{"rendered":"<p>Les boxes \u00e0 v\u00e9lo de Saint-Gilles font l\u2019objet d\u2019une convention de gestion entre la commune et l\u2019Agence r\u00e9gionale du stationnement parking.brussels. Chaque place fait l\u2019objet [&hellip;] <span class=\"read-more-link\"><a class=\"read-more\" href=\"https:\/\/maisonecohuis.be\/?page_id=639\">Read More<\/a><\/span><\/p>\n","protected":false},"author":1,"featured_media":0,"parent":0,"menu_order":0,"comment_status":"closed","ping_status":"closed","template":"","meta":{"om_disable_all_campaigns":false,"_monsterinsights_skip_tracking":false,"_monsterinsights_sitenote_active":false,"_monsterinsights_sitenote_note":"","_monsterinsights_sitenote_category":0,"_uf_show_specific_survey":0,"_uf_disable_surveys":false,"footnotes":""},"class_list":["post-639","page","type-page","status-publish","hentry"],"aioseo_notices":[],"_links":{"self":[{"href":"https:\/\/maisonecohuis.be\/index.php?rest_route=\/wp\/v2\/pages\/639","targetHints":{"allow":["GET"]}}],"collection":[{"href":"https:\/\/maisonecohuis.be\/index.php?rest_route=\/wp\/v2\/pages"}],"about":[{"href":"https:\/\/maisonecohuis.be\/index.php?rest_route=\/wp\/v2\/types\/page"}],"author":[{"embeddable":true,"href":"https:\/\/maisonecohuis.be\/index.php?rest_route=\/wp\/v2\/users\/1"}],"replies":[{"embeddable":true,"href":"https:\/\/maisonecohuis.be\/index.php?rest_route=%2Fwp%2Fv2%2Fcomments&post=639"}],"version-history":[{"count":3,"href":"https:\/\/maisonecohuis.be\/index.php?rest_route=\/wp\/v2\/pages\/639\/revisions"}],"predecessor-version":[{"id":2135,"href":"https:\/\/maisonecohuis.be\/index.php?rest_route=\/wp\/v2\/pages\/639\/revisions\/2135"}],"wp:attachment":[{"href":"https:\/\/maisonecohuis.be\/index.php?rest_route=%2Fwp%2Fv2%2Fmedia&parent=639"}],"curies":[{"name":"wp","href":"https:\/\/api.w.org\/{rel}","templated":true}]}}