{"id":5818,"date":"2026-02-18T11:13:07","date_gmt":"2026-02-18T10:13:07","guid":{"rendered":"https:\/\/maisonecohuis.be\/?page_id=5818"},"modified":"2026-02-18T11:23:00","modified_gmt":"2026-02-18T10:23:00","slug":"de-zwarte-gierzwaluwen-in-sint-gillis","status":"publish","type":"page","link":"https:\/\/maisonecohuis.be\/?page_id=5818&lang=nl","title":{"rendered":"De zwarte gierzwaluwen in Sint-Gillis"},"content":{"rendered":"\n<p>Het door Leefmilieu Brussel gesubsidieerde MaisonEcoHuis heeft van april 2018 tot 2021 het project om de populaties zwarte gierzwaluwen terug naar Sint-Gillis te halen.<\/p>\n\n\n\n<h4 class=\"wp-block-heading\"><strong><em>Het projet<\/em><\/strong><\/h4>\n\n\n\n<p>Nous avons d\u00e9clin\u00e9 le projet en 3 axes principaux :<\/p>\n\n\n\n<ul class=\"wp-block-list\">\n<li>burgers <strong>sensibiliseren<\/strong> rond de aanwezigheid en noden van gierzwaluwen ;<\/li>\n\n\n\n<li>mieux les accueillir en&nbsp;<strong>posant gratuitement des nichoirs<\/strong>&nbsp;ou en am\u00e9nageant les trous de boulins (anciens trous en fa\u00e7ade pour les \u00e9chafaudages) chez les particuliers et sur les b\u00e2timents communaux ;<\/li>\n\n\n\n<li><strong>het gesprek aan met bouwpromotoren en architecten.<\/strong><\/li>\n<\/ul>\n\n\n\n<figure class=\"wp-block-image aligncenter size-medium\"><a href=\"https:\/\/maisonecohuis.be\/wp-content\/uploads\/2021\/10\/carto-pose.png\"><img loading=\"lazy\" decoding=\"async\" width=\"300\" height=\"285\" src=\"https:\/\/maisonecohuis.be\/wp-content\/uploads\/2021\/10\/carto-pose-300x285.png\" alt=\"Carte de recensement des 50 nichoirs \u00e0 martinets pos\u00e9s dans le cadre du projet 'Les martinets noirs \u00e0 Saint-Gilles'.\" class=\"wp-image-1911\" srcset=\"https:\/\/maisonecohuis.be\/wp-content\/uploads\/2021\/10\/carto-pose-300x285.png 300w, https:\/\/maisonecohuis.be\/wp-content\/uploads\/2021\/10\/carto-pose-768x730.png 768w, https:\/\/maisonecohuis.be\/wp-content\/uploads\/2021\/10\/carto-pose.png 824w\" sizes=\"auto, (max-width: 300px) 100vw, 300px\" \/><\/a><figcaption class=\"wp-element-caption\"><em>Kaart van de ge\u00efnstalleerde nestkasten (ongeveer 50) in het kader van het project \u201cGierzwaluwen in Sint-Gillis\u201d (gele stippen)<\/em><\/figcaption><\/figure>\n\n\n\n<p>Nous avons cl\u00f4tur\u00e9 ce projet avec un festival, en partenariat <a href=\"https:\/\/martinew.canalblog.com\/\" target=\"_blank\" rel=\"noopener\" title=\"\">Martine Wauters<\/a>.<\/p>\n\n\n\n<figure class=\"wp-block-image size-large\"><a href=\"https:\/\/maisonecohuis.be\/wp-content\/uploads\/2021\/05\/Banner-1-png8.png\"><img loading=\"lazy\" decoding=\"async\" width=\"1024\" height=\"577\" src=\"https:\/\/maisonecohuis.be\/wp-content\/uploads\/2021\/05\/Banner-1-png8-1024x577.png\" alt=\"Affiche du festival du martinet noir organis\u00e9 pour la cl\u00f4ture du projet 'Les martinets noirs \u00e0 Saint-Gilles'.\" class=\"wp-image-1654\" srcset=\"https:\/\/maisonecohuis.be\/wp-content\/uploads\/2021\/05\/Banner-1-png8-1024x577.png 1024w, https:\/\/maisonecohuis.be\/wp-content\/uploads\/2021\/05\/Banner-1-png8-300x169.png 300w, https:\/\/maisonecohuis.be\/wp-content\/uploads\/2021\/05\/Banner-1-png8-768x433.png 768w, https:\/\/maisonecohuis.be\/wp-content\/uploads\/2021\/05\/Banner-1-png8.png 1640w\" sizes=\"auto, (max-width: 1024px) 100vw, 1024px\" \/><\/a><\/figure>\n\n\n\n<figure class=\"wp-block-gallery has-nested-images columns-default is-cropped wp-block-gallery-1 is-layout-flex wp-block-gallery-is-layout-flex\">\n<figure class=\"wp-block-image size-large\"><a href=\"https:\/\/maisonecohuis.be\/wp-content\/uploads\/2026\/02\/199355278_126462769574011_3847628818328076839_ndpi.jpg\"><img loading=\"lazy\" decoding=\"async\" width=\"1024\" height=\"768\" data-id=\"5556\" src=\"https:\/\/maisonecohuis.be\/wp-content\/uploads\/2026\/02\/199355278_126462769574011_3847628818328076839_ndpi-1024x768.jpg\" alt=\"Photo lors de la projection du film de Bernard Crutzen 'Bruxelles sauvage, faune capitale' pendant le festival du martinet noir.\" class=\"wp-image-5556\" srcset=\"https:\/\/maisonecohuis.be\/wp-content\/uploads\/2026\/02\/199355278_126462769574011_3847628818328076839_ndpi-1024x768.jpg 1024w, https:\/\/maisonecohuis.be\/wp-content\/uploads\/2026\/02\/199355278_126462769574011_3847628818328076839_ndpi-300x225.jpg 300w, https:\/\/maisonecohuis.be\/wp-content\/uploads\/2026\/02\/199355278_126462769574011_3847628818328076839_ndpi-768x576.jpg 768w, https:\/\/maisonecohuis.be\/wp-content\/uploads\/2026\/02\/199355278_126462769574011_3847628818328076839_ndpi-1536x1152.jpg 1536w, https:\/\/maisonecohuis.be\/wp-content\/uploads\/2026\/02\/199355278_126462769574011_3847628818328076839_ndpi.jpg 1836w\" sizes=\"auto, (max-width: 1024px) 100vw, 1024px\" \/><\/a><\/figure>\n\n\n\n<figure class=\"wp-block-image size-large\"><a href=\"https:\/\/maisonecohuis.be\/wp-content\/uploads\/2026\/02\/IMG_20210611_160132421dpi-scaled.jpg\"><img loading=\"lazy\" decoding=\"async\" width=\"1024\" height=\"576\" data-id=\"5558\" src=\"https:\/\/maisonecohuis.be\/wp-content\/uploads\/2026\/02\/IMG_20210611_160132421dpi-1024x576.jpg\" alt=\"Photo de l'exposition photo pendant le festival du martinet noir.\" class=\"wp-image-5558\" srcset=\"https:\/\/maisonecohuis.be\/wp-content\/uploads\/2026\/02\/IMG_20210611_160132421dpi-1024x576.jpg 1024w, https:\/\/maisonecohuis.be\/wp-content\/uploads\/2026\/02\/IMG_20210611_160132421dpi-300x169.jpg 300w, https:\/\/maisonecohuis.be\/wp-content\/uploads\/2026\/02\/IMG_20210611_160132421dpi-768x432.jpg 768w, https:\/\/maisonecohuis.be\/wp-content\/uploads\/2026\/02\/IMG_20210611_160132421dpi-1536x864.jpg 1536w, https:\/\/maisonecohuis.be\/wp-content\/uploads\/2026\/02\/IMG_20210611_160132421dpi-2048x1152.jpg 2048w\" sizes=\"auto, (max-width: 1024px) 100vw, 1024px\" \/><\/a><\/figure>\n\n\n\n<figure class=\"wp-block-image size-large\"><a href=\"https:\/\/maisonecohuis.be\/wp-content\/uploads\/2026\/02\/IMG_20210611_200454123dpi-scaled.jpg\"><img loading=\"lazy\" decoding=\"async\" width=\"1024\" height=\"576\" data-id=\"5557\" src=\"https:\/\/maisonecohuis.be\/wp-content\/uploads\/2026\/02\/IMG_20210611_200454123dpi-1024x576.jpg\" alt=\"Photo de du bar pendant le festival du martinet noir.\" class=\"wp-image-5557\" srcset=\"https:\/\/maisonecohuis.be\/wp-content\/uploads\/2026\/02\/IMG_20210611_200454123dpi-1024x576.jpg 1024w, https:\/\/maisonecohuis.be\/wp-content\/uploads\/2026\/02\/IMG_20210611_200454123dpi-300x169.jpg 300w, https:\/\/maisonecohuis.be\/wp-content\/uploads\/2026\/02\/IMG_20210611_200454123dpi-768x432.jpg 768w, https:\/\/maisonecohuis.be\/wp-content\/uploads\/2026\/02\/IMG_20210611_200454123dpi-1536x864.jpg 1536w, https:\/\/maisonecohuis.be\/wp-content\/uploads\/2026\/02\/IMG_20210611_200454123dpi-2048x1152.jpg 2048w\" sizes=\"auto, (max-width: 1024px) 100vw, 1024px\" \/><\/a><\/figure>\n<\/figure>\n\n\n\n<div style=\"height:40px\" aria-hidden=\"true\" class=\"wp-block-spacer\"><\/div>\n\n\n\n<h4 class=\"wp-block-heading\"><em><strong><strong>De zwarte gierzwaluw<\/strong><\/strong><\/em><\/h4>\n\n\n\n<p>Vaak worden ze verward met de huiszwaluw maar het zijn wel degelijk zwarte gierzwaluwen die je hoog in de lucht boven Sint-Gillis, of in zwermen krijsend door de straten, ziet vliegen. Wist je bijvoorbeeld dat gierzwaluwen zo\u2019n 9 maanden per jaar in Afrika doorbrengen en 3 maanden (mei, juni en juli) naar onze streken komen om er te nesten (1 enkele worp per jaar). Wie weet mocht je reeds jonge gierzwaluwen onder de dakgoot aan je gevel verwelkomen. Typisch voor deze vogelsoort is immers dat ze gaan nestelen in de holtes van onze gebouwen (gat tussen twee bakstenen, spleet in de kroonlijst, steigergaten, \u2026) en zodra ze de ideale holte hebben gevonden, komen ze jaar na jaar terug!<\/p>\n\n\n\n<p>Jonge gierzwaluwen (1ste tot 3de levensjaar) komen iets later dan de volwassenen, om elkaar hier, dollend en krijsend door onze straten, achterna te zitten! Ze zijn veel luidruchtiger dan de nestparen en laten zich dan ook het meest horen.<\/p>\n\n\n\n<figure class=\"wp-block-gallery has-nested-images columns-default is-cropped wp-block-gallery-2 is-layout-flex wp-block-gallery-is-layout-flex\">\n<figure class=\"wp-block-image size-large\"><a href=\"https:\/\/maisonecohuis.be\/wp-content\/uploads\/2018\/06\/14599969.jpg\"><img loading=\"lazy\" decoding=\"async\" width=\"800\" height=\"600\" data-id=\"311\" src=\"https:\/\/maisonecohuis.be\/wp-content\/uploads\/2018\/06\/14599969.jpg\" alt=\"Photo de la silhouette d'un martinet noir dans un ciel bleu \u00e0 Saint-Gilles.\" class=\"wp-image-311\" srcset=\"https:\/\/maisonecohuis.be\/wp-content\/uploads\/2018\/06\/14599969.jpg 800w, https:\/\/maisonecohuis.be\/wp-content\/uploads\/2018\/06\/14599969-300x225.jpg 300w, https:\/\/maisonecohuis.be\/wp-content\/uploads\/2018\/06\/14599969-768x576.jpg 768w\" sizes=\"auto, (max-width: 800px) 100vw, 800px\" \/><\/a><figcaption class=\"wp-element-caption\">La silhouette typique du martinet<\/figcaption><\/figure>\n<\/figure>\n\n\n\n<div style=\"height:40px\" aria-hidden=\"true\" class=\"wp-block-spacer\"><\/div>\n\n\n\n<h4 class=\"wp-block-heading\"><em><strong><strong>De holtes<\/strong><\/strong><\/em><\/h4>\n\n\n\n<p>Het probleem is dat we de slechte gewoonte hebben om alle holtes te dichten en we het de gierzwaluw alsmaar moeilijker maken om met ons samen te leven. Hoe meer panden worden gerenoveerd en nieuwbouw wordt opgetrokken, hoe minder gierzwaluwen er nog overblijven. En ook vele andere holenbroeders lijden eronder (mussen, zwarte roodstaartjes, vleermuizen, sommige insecten). We moeten dus ernstig gaan nadenken over de inrichting van onze steden. Door levende habitats (en niet enkel de ecologische) in te richten, die gunstig zijn voor fauna en flora, kunnen we de biodiversiteit in onze steden verbeteren.<\/p>\n\n\n\n<figure class=\"wp-block-image aligncenter size-medium\"><a href=\"https:\/\/maisonecohuis.be\/wp-content\/uploads\/2020\/09\/Cahier_oiseaux_FR_2020_compressed.pdf\" target=\"_blank\" rel=\" noreferrer noopener\"><img loading=\"lazy\" decoding=\"async\" width=\"300\" height=\"300\" src=\"https:\/\/maisonecohuis.be\/wp-content\/uploads\/2020\/11\/couv-FR-300x300.png\" alt=\"Couverture du cahier\/brochure des oiseaux cavernicoles de Saint-Gilles.\" class=\"wp-image-1245\" srcset=\"https:\/\/maisonecohuis.be\/wp-content\/uploads\/2020\/11\/couv-FR-300x300.png 300w, https:\/\/maisonecohuis.be\/wp-content\/uploads\/2020\/11\/couv-FR-150x150.png 150w, https:\/\/maisonecohuis.be\/wp-content\/uploads\/2020\/11\/couv-FR-768x767.png 768w, https:\/\/maisonecohuis.be\/wp-content\/uploads\/2020\/11\/couv-FR.png 846w\" sizes=\"auto, (max-width: 300px) 100vw, 300px\" \/><\/a><figcaption class=\"wp-element-caption\">T\u00e9l\u00e9charger notre&nbsp;<a href=\"http:\/\/maisonecohuis.be\/wp-content\/uploads\/2020\/09\/Cahier_oiseaux_FR_2020_compressed.pdf\" target=\"_blank\" rel=\"noreferrer noopener\">Cahier des oiseaux cavernicoles<\/a><\/figcaption><\/figure>\n\n\n\n<div style=\"height:40px\" aria-hidden=\"true\" class=\"wp-block-spacer\"><\/div>\n\n\n\n<h4 class=\"wp-block-heading\"><em><strong><strong>Hoe kunnen we ze helpen ?<\/strong><\/strong><\/em><\/h4>\n\n\n\n<p>Je kunt de gierzwaluwen op tal van manieren helpen. Aan jou de keuze dus:<\/p>\n\n\n\n<ul class=\"wp-block-list\">\n<li>Je omgeving sensibiliseren, een wilde tuin aanleggen, renovaties uitvoeren zonder holtes te dichten, \u2026<\/li>\n\n\n\n<li>Nestkastjes plaatsen.<\/li>\n\n\n\n<li>De steigergaten (gaten in de gevel) toegankelijk houden (open klep).<\/li>\n\n\n\n<li>Gespotte nesten melden via observations.be of bij het MaisonEcoHuis\u00a0<a href=\"mailto:maisonecohuis@stgillis.brussels\" target=\"_blank\" rel=\"noreferrer noopener\">maisonecohuis@stgillis.brussels<\/a><\/li>\n\n\n\n<li>Ben je architect, aannemer, vastgoedmakelaar of burger met een renovatie- of nieuwbouwproject, neem dan gerust contact met ons op. We gaan graag met jou het gesprek aan en\/of komen ter plaatse om een aantal oplossingen voor te stellen!<\/li>\n<\/ul>\n\n\n\n<p>Pour plus d\u2019infos, adressez vous \u00e0 notre responsable \u00ab&nbsp;martinets&nbsp;\u00bb :&nbsp;&nbsp;<a href=\"mailto:maisonecohuis@stgilles.brussels\" target=\"_blank\" rel=\"noreferrer noopener\">maisonecohuis@stgilles.brussels<\/a><\/p>\n\n\n\n<div style=\"height:40px\" aria-hidden=\"true\" class=\"wp-block-spacer\"><\/div>\n\n\n\n<figure class=\"wp-block-gallery has-nested-images columns-2 is-cropped wp-block-gallery-3 is-layout-flex wp-block-gallery-is-layout-flex\">\n<figure class=\"wp-block-image size-large\"><a href=\"https:\/\/maisonecohuis.be\/wp-content\/uploads\/2021\/10\/p2.jpg\"><img loading=\"lazy\" decoding=\"async\" width=\"1024\" height=\"393\" data-id=\"1793\" src=\"https:\/\/maisonecohuis.be\/wp-content\/uploads\/2021\/10\/p2-1024x393.jpg\" alt=\"Flyer sur le martinet noir, projet 'Les martinets noirs \u00e0 Saint-Gilles', g\u00e9r\u00e9 par la MaisonEcoHuis.\" class=\"wp-image-1793\" srcset=\"https:\/\/maisonecohuis.be\/wp-content\/uploads\/2021\/10\/p2-1024x393.jpg 1024w, https:\/\/maisonecohuis.be\/wp-content\/uploads\/2021\/10\/p2-300x115.jpg 300w, https:\/\/maisonecohuis.be\/wp-content\/uploads\/2021\/10\/p2-768x295.jpg 768w, https:\/\/maisonecohuis.be\/wp-content\/uploads\/2021\/10\/p2.jpg 1777w\" sizes=\"auto, (max-width: 1024px) 100vw, 1024px\" \/><\/a><figcaption class=\"wp-element-caption\">Flyer<\/figcaption><\/figure>\n\n\n\n<figure class=\"wp-block-image size-large\"><a href=\"https:\/\/maisonecohuis.be\/wp-content\/uploads\/2021\/10\/P1.jpg\"><img loading=\"lazy\" decoding=\"async\" width=\"1024\" height=\"392\" data-id=\"1792\" src=\"https:\/\/maisonecohuis.be\/wp-content\/uploads\/2021\/10\/P1-1024x392.jpg\" alt=\"Flyer sur le martinet noir, projet 'Les martinets noirs \u00e0 Saint-Gilles', g\u00e9r\u00e9 par la MaisonEcoHuis.\" class=\"wp-image-1792\" srcset=\"https:\/\/maisonecohuis.be\/wp-content\/uploads\/2021\/10\/P1-1024x392.jpg 1024w, https:\/\/maisonecohuis.be\/wp-content\/uploads\/2021\/10\/P1-300x115.jpg 300w, https:\/\/maisonecohuis.be\/wp-content\/uploads\/2021\/10\/P1-768x294.jpg 768w, https:\/\/maisonecohuis.be\/wp-content\/uploads\/2021\/10\/P1.jpg 1777w\" sizes=\"auto, (max-width: 1024px) 100vw, 1024px\" \/><\/a><figcaption class=\"wp-element-caption\">Flyer<\/figcaption><\/figure>\n\n\n\n<figure class=\"wp-block-image size-large\"><a href=\"https:\/\/maisonecohuis.be\/wp-content\/uploads\/2020\/11\/Roolup-compress\u00e9-image.jpg\"><img loading=\"lazy\" decoding=\"async\" width=\"393\" height=\"909\" data-id=\"1242\" src=\"https:\/\/maisonecohuis.be\/wp-content\/uploads\/2020\/11\/Roolup-compress\u00e9-image.jpg\" alt=\"Rollup sur le martinet noir, projet 'Les martinets noirs \u00e0 Saint-Gilles', g\u00e9r\u00e9 par la MaisonEcoHuis.\" class=\"wp-image-1242\" srcset=\"https:\/\/maisonecohuis.be\/wp-content\/uploads\/2020\/11\/Roolup-compress\u00e9-image.jpg 393w, https:\/\/maisonecohuis.be\/wp-content\/uploads\/2020\/11\/Roolup-compress\u00e9-image-130x300.jpg 130w\" sizes=\"auto, (max-width: 393px) 100vw, 393px\" \/><\/a><figcaption class=\"wp-element-caption\">Rollup<\/figcaption><\/figure>\n\n\n\n<figure class=\"wp-block-image size-large\"><a href=\"https:\/\/maisonecohuis.be\/wp-content\/uploads\/2020\/11\/Panneau-image.jpg\"><img loading=\"lazy\" decoding=\"async\" width=\"618\" height=\"871\" data-id=\"1243\" src=\"https:\/\/maisonecohuis.be\/wp-content\/uploads\/2020\/11\/Panneau-image.jpg\" alt=\"Panneaux de communication sur le martinet noir, projet 'Les martinets noirs \u00e0 Saint-Gilles', g\u00e9r\u00e9 par la MaisonEcoHuis.\" class=\"wp-image-1243\" srcset=\"https:\/\/maisonecohuis.be\/wp-content\/uploads\/2020\/11\/Panneau-image.jpg 618w, https:\/\/maisonecohuis.be\/wp-content\/uploads\/2020\/11\/Panneau-image-213x300.jpg 213w\" sizes=\"auto, (max-width: 618px) 100vw, 618px\" \/><\/a><figcaption class=\"wp-element-caption\">Pancarte ext\u00e9rieure<\/figcaption><\/figure>\n<\/figure>\n\n\n","protected":false},"excerpt":{"rendered":"<p>Het door Leefmilieu Brussel gesubsidieerde MaisonEcoHuis heeft van april 2018 tot 2021 het project om de populaties zwarte gierzwaluwen terug naar Sint-Gillis te halen. Het [&hellip;] <span class=\"read-more-link\"><a class=\"read-more\" href=\"https:\/\/maisonecohuis.be\/?page_id=5818&#038;lang=nl\">Read More<\/a><\/span><\/p>\n","protected":false},"author":1,"featured_media":0,"parent":0,"menu_order":0,"comment_status":"closed","ping_status":"closed","template":"page-templates\/centered.php","meta":{"om_disable_all_campaigns":false,"_monsterinsights_skip_tracking":false,"_monsterinsights_sitenote_active":false,"_monsterinsights_sitenote_note":"","_monsterinsights_sitenote_category":0,"_uf_show_specific_survey":0,"_uf_disable_surveys":false,"footnotes":""},"class_list":["post-5818","page","type-page","status-publish","hentry"],"aioseo_notices":[],"_links":{"self":[{"href":"https:\/\/maisonecohuis.be\/index.php?rest_route=\/wp\/v2\/pages\/5818","targetHints":{"allow":["GET"]}}],"collection":[{"href":"https:\/\/maisonecohuis.be\/index.php?rest_route=\/wp\/v2\/pages"}],"about":[{"href":"https:\/\/maisonecohuis.be\/index.php?rest_route=\/wp\/v2\/types\/page"}],"author":[{"embeddable":true,"href":"https:\/\/maisonecohuis.be\/index.php?rest_route=\/wp\/v2\/users\/1"}],"replies":[{"embeddable":true,"href":"https:\/\/maisonecohuis.be\/index.php?rest_route=%2Fwp%2Fv2%2Fcomments&post=5818"}],"version-history":[{"count":2,"href":"https:\/\/maisonecohuis.be\/index.php?rest_route=\/wp\/v2\/pages\/5818\/revisions"}],"predecessor-version":[{"id":5825,"href":"https:\/\/maisonecohuis.be\/index.php?rest_route=\/wp\/v2\/pages\/5818\/revisions\/5825"}],"wp:attachment":[{"href":"https:\/\/maisonecohuis.be\/index.php?rest_route=%2Fwp%2Fv2%2Fmedia&parent=5818"}],"curies":[{"name":"wp","href":"https:\/\/api.w.org\/{rel}","templated":true}]}}