{"id":5157,"date":"2026-01-01T18:28:45","date_gmt":"2026-01-01T17:28:45","guid":{"rendered":"https:\/\/maisonecohuis.be\/?page_id=5157"},"modified":"2026-01-01T18:28:45","modified_gmt":"2026-01-01T17:28:45","slug":"le-partage-denergie-une-energie-renouvelable-et-locale-pour-tous","status":"publish","type":"page","link":"https:\/\/maisonecohuis.be\/?page_id=5157","title":{"rendered":"Le partage d\u2019\u00e9nergie : une \u00e9nergie renouvelable et locale pour tous"},"content":{"rendered":"\n<div class=\"wp-block-columns is-layout-flex wp-container-core-columns-is-layout-28f84493 wp-block-columns-is-layout-flex\">\n<div class=\"wp-block-column has-x-large-font-size is-layout-flow wp-block-column-is-layout-flow\" style=\"padding-top:var(--wp--preset--spacing--70);padding-bottom:var(--wp--preset--spacing--70);flex-basis:50%\">\n<div class=\"wp-block-group has-border-color has-dark-gray-border-color is-layout-constrained wp-container-core-group-is-layout-6d08aa83 wp-block-group-is-layout-constrained\" style=\"border-width:1px;border-top-left-radius:32px;border-top-right-radius:32px;border-bottom-left-radius:32px;border-bottom-right-radius:32px;min-height:0px;margin-top:0;margin-bottom:0;padding-top:0;padding-right:0;padding-bottom:0;padding-left:0\">\n<p><strong>Sommaire<\/strong><\/p>\n\n\n\n<ul style=\"border-style:none;border-width:0px;border-top-left-radius:0px;border-top-right-radius:0px;border-bottom-left-radius:0px;border-bottom-right-radius:0px;margin-top:0;margin-right:0;margin-bottom:0;margin-left:0;padding-top:0;padding-right:0;padding-bottom:0;padding-left:0\" class=\"wp-block-list has-black-color has-text-color has-link-color has-large-font-size wp-elements-194af0d2077b4adb8f7f644bd9046727\">\n<li><a href=\"#comprendre-partage-energie\" title=\"Comprendre le partage d'\u00e9nergie\">Comprendre le partage d&rsquo;\u00e9nergie<\/a><\/li>\n\n\n\n<li><a href=\"#partage-gilles\" title=\"Le partage d'\u00e9nergie \u00e0 Saint-Gilles\">Le partage d&rsquo;\u00e9nergie \u00e0 Saint-Gilles<\/a><\/li>\n\n\n\n<li class=\"has-large-font-size\" style=\"padding-top:0;padding-bottom:0\"><a href=\"#ressources\" title=\"Ressources et accompagnement pour se lancer\">Ressources et accompagnement pour se lancer<\/a><\/li>\n<\/ul>\n\n\n\n<hr class=\"wp-block-separator has-alpha-channel-opacity\"\/>\n<\/div>\n<\/div>\n\n\n\n<div class=\"wp-block-column is-layout-flow wp-block-column-is-layout-flow\" style=\"flex-basis:50%\">\n<figure class=\"wp-block-image size-large is-resized has-custom-border\"><img loading=\"lazy\" decoding=\"async\" width=\"1024\" height=\"768\" src=\"https:\/\/maisonecohuis.be\/wp-content\/uploads\/2026\/01\/FRRHmMAXoAEMVs2-2-1024x768.jpg\" alt=\"\" class=\"wp-image-5187\" style=\"border-top-left-radius:30px;border-top-right-radius:30px;border-bottom-left-radius:30px;border-bottom-right-radius:30px;width:348px;height:auto\" srcset=\"https:\/\/maisonecohuis.be\/wp-content\/uploads\/2026\/01\/FRRHmMAXoAEMVs2-2-1024x768.jpg 1024w, https:\/\/maisonecohuis.be\/wp-content\/uploads\/2026\/01\/FRRHmMAXoAEMVs2-2-300x225.jpg 300w, https:\/\/maisonecohuis.be\/wp-content\/uploads\/2026\/01\/FRRHmMAXoAEMVs2-2-768x576.jpg 768w, https:\/\/maisonecohuis.be\/wp-content\/uploads\/2026\/01\/FRRHmMAXoAEMVs2-2-1536x1152.jpg 1536w, https:\/\/maisonecohuis.be\/wp-content\/uploads\/2026\/01\/FRRHmMAXoAEMVs2-2-2048x1536.jpg 2048w\" sizes=\"auto, (max-width: 1024px) 100vw, 1024px\" \/><\/figure>\n<\/div>\n<\/div>\n\n\n\n<h3 class=\"wp-block-heading\" id=\"comprendre-partage-energie\"><strong>Comprendre le partage d\u2019\u00e9nergie<\/strong><\/h3>\n\n\n\n<p>Depuis avril 2022, la l\u00e9gislation bruxelloise permet aux personnes qui produisent de l\u2019\u00e9lectricit\u00e9 localement, notamment gr\u00e2ce \u00e0 des panneaux photovolta\u00efques, de partager cette \u00e9nergie directement avec d\u2019autres consommateurs.<\/p>\n\n\n\n<p><strong>Le partage d\u2019\u00e9nergie<\/strong> permet de rendre l\u2019\u00e9nergie renouvelable locale accessible \u00e0 tous, \u00e0 un prix plus stable, y compris pour les personnes qui ne peuvent pas installer de panneaux solaires sur leur logement. Cette solution s\u2019adresse notamment aux <strong>locataires<\/strong>, <strong>copropri\u00e9taires<\/strong>, <strong>b\u00e2timents publics<\/strong>, <strong>associations<\/strong>, ainsi qu\u2019aux <strong>petites et moyennes entreprises<\/strong>.<\/p>\n\n\n\n<p>Le <strong>Service du Facilitateur Partage et Communaut\u00e9s d\u2019\u00c9nergie<\/strong> de Bruxelles Environnement vous explique le principe et les avantages du partage d\u2019\u00e9nergie :<\/p>\n\n\n\n<p>\u2192 <em>(Vid\u00e9o \u00e0 ins\u00e9rer)<\/em><\/p>\n\n\n\n<hr class=\"wp-block-separator has-text-color has-light-gray-color has-alpha-channel-opacity has-light-gray-background-color has-background is-style-default\" style=\"margin-top:var(--wp--preset--spacing--60);margin-bottom:var(--wp--preset--spacing--60)\"\/>\n\n\n\n<h3 class=\"wp-block-heading\" id=\"partage-gilles\"><strong>Le partage d&rsquo;\u00e9nergie \u00e0 Saint-Gilles<\/strong><\/h3>\n\n\n\n<p>\u00c0 Bruxelles, il existe aujourd\u2019hui une vingtaine de communaut\u00e9s d\u2019\u00e9nergie. Certaines couvrent l\u2019ensemble du territoire de la R\u00e9gion de Bruxelles-Capitale, tandis que d\u2019autres sont limit\u00e9es \u00e0 une commune ou \u00e0 un quartier.<\/p>\n\n\n\n<p>La commune de Saint-Gilles exp\u00e9rimente le partage d\u2019\u00e9nergie \u00e0 travers plusieurs projets. Elle partage l\u2019\u00e9lectricit\u00e9 produite par des panneaux solaires install\u00e9s sur des b\u00e2timents communaux avec les membres de la communaut\u00e9 d\u2019\u00e9nergie <strong>brupower<\/strong>, une coop\u00e9rative ouverte \u00e0 toutes et tous \u00e0 Bruxelles.<\/p>\n\n\n\n<p>\u2192 <em>(Vid\u00e9o de pr\u00e9sentation de brupower \u00e0 ins\u00e9rer)<\/em><br>\u2192 <strong>D\u00e9couvrir la <a href=\"https:\/\/coop.brupower.be\/fr_BE\" title=\"communaut\u00e9 d\u2019\u00e9nergie brupower\">communaut\u00e9 d\u2019\u00e9nergie brupower<\/a><\/strong><\/p>\n\n\n\n<p>Par ailleurs, le projet SunSud, situ\u00e9 dans un immeuble de logements sociaux rue Vlogaert \u00e0 Saint-Gilles, constitue le <strong>premier projet de partage d\u2019\u00e9nergie dans des logements sociaux<\/strong> de Bruxelles. Ce projet permet aux habitants d&rsquo;alimenter les parties communes, mais aussi les espaces privatifs, avec de l&rsquo;\u00e9lectricit\u00e9 solaire produite par les panneaux install\u00e9s sur le toit de l&rsquo;immeuble. Cette \u00e9lectricit\u00e9 est a un prix avantageux car les frais de r\u00e9seau sont tr\u00e8s r\u00e9duits, puisqu&rsquo;il s&rsquo;agit d&rsquo;un partage d&rsquo;\u00e9nergie au sein d&rsquo;un m\u00eame b\u00e2timent.<\/p>\n\n\n\n<p>\u2192 <strong><a href=\"https:\/\/foyerdusud.be\/sunsud_vlogaert\/\" title=\"En savoir plus sur le projet SunSud\">En savoir plus sur le projet SunSud<\/a><\/strong>, port\u00e9 par le <strong>Foyer du Sud<\/strong><\/p>\n\n\n\n<hr class=\"wp-block-separator has-text-color has-light-gray-color has-alpha-channel-opacity has-light-gray-background-color has-background\" style=\"margin-top:var(--wp--preset--spacing--50);margin-bottom:var(--wp--preset--spacing--50)\"\/>\n\n\n\n<h3 class=\"wp-block-heading\" id=\"ressources\"><strong>Ressources et accompagnement pour se lancer<\/strong><\/h3>\n\n\n\n<p>Pour toute question ou pour \u00eatre accompagn\u00e9 dans un projet de partage ou de communaut\u00e9 d\u2019\u00e9nergie, vous pouvez faire appel au <strong><a href=\"https:\/\/environnement.brussels\/citoyen\/services-et-demandes\/conseils-et-accompagnement\/facilitateur-partage-et-communautes-denergie\" title=\"Facilitateur Partage et Communaut\u00e9s d\u2019\u00c9nergie\">Facilitateur Partage et Communaut\u00e9s d\u2019\u00c9nergie<\/a><\/strong> de Bruxelles Environnement, qui informe et accompagne gratuitement les citoyens, les associations et les organisations.<\/p>\n\n\n\n<p>Si vous \u00eates en <strong>copropri\u00e9t\u00e9 g\u00e9r\u00e9e par un syndic<\/strong> professionnel, un accompagnement sp\u00e9cifique est \u00e9galement propos\u00e9s par le <a href=\"https:\/\/environnement.brussels\/pro\/services-et-demandes\/conseils-et-accompagnement\/facilitateur-batiment-durable-et-facilitateur-copropriete\" title=\"Facilitateur B\u00e2timent Durable et Copropri\u00e9t\u00e9.\"><strong>Facilitateur B\u00e2timent Durabl<\/strong>e.<\/a><\/p>\n\n\n\n<p>Pour plus de d\u00e9tails sur le fonctionnement et les modalit\u00e9s du partage d&rsquo;\u00e9nergie, consultez : <\/p>\n\n\n\n<div class=\"wp-block-group has-border-color has-dark-gray-border-color is-content-justification-center is-layout-constrained wp-container-core-group-is-layout-e00761dc wp-block-group-is-layout-constrained\" style=\"border-width:1px;border-top-left-radius:43px;border-top-right-radius:43px;border-bottom-left-radius:43px;border-bottom-right-radius:43px;margin-top:var(--wp--preset--spacing--60);margin-bottom:var(--wp--preset--spacing--60);padding-top:0;padding-right:var(--wp--preset--spacing--50);padding-bottom:0;padding-left:var(--wp--preset--spacing--50)\">\n<ul class=\"wp-block-list\">\n<li><strong>le <a href=\"https:\/\/guidebatimentdurable.brussels\/partage-communautes-denergie\" title=\"Guide B\u00e2timent Durable : Partage et communaut\u00e9s d\u2019\u00e9nergie\">Guide B\u00e2timent Durable : Partage et communaut\u00e9s d\u2019\u00e9nergie<\/a><\/strong><\/li>\n\n\n\n<li style=\"border-style:none;border-width:0px\"><a href=\"https:\/\/energysharing.brugel.brussels\/energysharing\/partage-d-energie-540\" title=\" Le site officiel d\u00e9di\u00e9 au partage d'\u00e9nergie\"> Le site officiel d\u00e9di\u00e9 au partage d&rsquo;\u00e9nergie<\/a> de Brugel <\/li>\n\n\n\n<li>la <strong><a href=\"https:\/\/energysharing.brugel.brussels\/energysharing\/cartographie-411\" title=\"cartographie des projets de partage d\u2019\u00e9nergie\">cartographie des projets de partage d\u2019\u00e9nergie<\/a><\/strong> en R\u00e9gion de Bruxelles-Capitale.<\/li>\n\n\n\n<li>la <strong><a href=\"https:\/\/energysharing.brugel.brussels\/energysharing\/les-communautes-autorisees-586\" title=\"liste des communaut\u00e9s d\u2019\u00e9nergie autoris\u00e9es\">liste des communaut\u00e9s d\u2019\u00e9nergie autoris\u00e9es<\/a><\/strong> et leurs conditions d\u2019acc\u00e8s<\/li>\n<\/ul>\n<\/div>\n\n\n\n<p><\/p>\n","protected":false},"excerpt":{"rendered":"<p>Sommaire Comprendre le partage d\u2019\u00e9nergie Depuis avril 2022, la l\u00e9gislation bruxelloise permet aux personnes qui produisent de l\u2019\u00e9lectricit\u00e9 localement, notamment gr\u00e2ce \u00e0 des panneaux photovolta\u00efques, [&hellip;] <span class=\"read-more-link\"><a class=\"read-more\" href=\"https:\/\/maisonecohuis.be\/?page_id=5157\">Read More<\/a><\/span><\/p>\n","protected":false},"author":1,"featured_media":0,"parent":0,"menu_order":0,"comment_status":"closed","ping_status":"closed","template":"page-templates\/centered.php","meta":{"om_disable_all_campaigns":false,"_monsterinsights_skip_tracking":false,"_monsterinsights_sitenote_active":false,"_monsterinsights_sitenote_note":"","_monsterinsights_sitenote_category":0,"_uf_show_specific_survey":0,"_uf_disable_surveys":false,"footnotes":""},"class_list":["post-5157","page","type-page","status-publish","hentry"],"aioseo_notices":[],"_links":{"self":[{"href":"https:\/\/maisonecohuis.be\/index.php?rest_route=\/wp\/v2\/pages\/5157","targetHints":{"allow":["GET"]}}],"collection":[{"href":"https:\/\/maisonecohuis.be\/index.php?rest_route=\/wp\/v2\/pages"}],"about":[{"href":"https:\/\/maisonecohuis.be\/index.php?rest_route=\/wp\/v2\/types\/page"}],"author":[{"embeddable":true,"href":"https:\/\/maisonecohuis.be\/index.php?rest_route=\/wp\/v2\/users\/1"}],"replies":[{"embeddable":true,"href":"https:\/\/maisonecohuis.be\/index.php?rest_route=%2Fwp%2Fv2%2Fcomments&post=5157"}],"version-history":[{"count":16,"href":"https:\/\/maisonecohuis.be\/index.php?rest_route=\/wp\/v2\/pages\/5157\/revisions"}],"predecessor-version":[{"id":5203,"href":"https:\/\/maisonecohuis.be\/index.php?rest_route=\/wp\/v2\/pages\/5157\/revisions\/5203"}],"wp:attachment":[{"href":"https:\/\/maisonecohuis.be\/index.php?rest_route=%2Fwp%2Fv2%2Fmedia&parent=5157"}],"curies":[{"name":"wp","href":"https:\/\/api.w.org\/{rel}","templated":true}]}}