{"id":344,"date":"2018-06-08T15:42:37","date_gmt":"2018-06-08T13:42:37","guid":{"rendered":"http:\/\/maisonecohuis.be\/?page_id=344"},"modified":"2025-02-26T12:04:00","modified_gmt":"2025-02-26T11:04:00","slug":"les-potagers-collectifs-a-saint-gilles","status":"publish","type":"page","link":"https:\/\/maisonecohuis.be\/?page_id=344","title":{"rendered":"Composts collectifs \u00e0 Saint-Gilles"},"content":{"rendered":"<p>Il existe \u00e0 Saint-Gilles plusieurs composts collectifs g\u00e9r\u00e9s par des collectifs citoyens ou par la commune.<\/p>\n<h2><strong>Liste des composts collectifs:<\/strong><\/h2>\n<ul>\n<li style=\"list-style-type: none\">\n<ul>\n<li><a class=\"lienmenu\" href=\"https:\/\/www.wormsasbl.org\/index.php?tar=compostez&amp;id=171&amp;sel=3&amp;ssel=2\" target=\"_blank\" rel=\"noopener\">Ecole Ulenspiegel<\/a><\/li>\n<li><a class=\"lienmenu\" href=\"https:\/\/www.wormsasbl.org\/index.php?tar=compostez&amp;id=62&amp;sel=3&amp;ssel=2\" target=\"_blank\" rel=\"noopener\">Horta<\/a><\/li>\n<li><a class=\"lienmenu\" href=\"https:\/\/www.wormsasbl.org\/index.php?tar=compostez&amp;id=112&amp;sel=3&amp;ssel=2\" target=\"_blank\" rel=\"noopener\">La pousse qui pousse<\/a><\/li>\n<li><a class=\"lienmenu\" href=\"https:\/\/www.wormsasbl.org\/index.php?tar=compostez&amp;id=31&amp;sel=3&amp;ssel=2\" target=\"_blank\" rel=\"noopener\">Les Tilleuls<\/a><\/li>\n<li>Le VertDure (place Baron Bouvier)<\/li>\n<li><a class=\"lienmenu\" href=\"https:\/\/www.wormsasbl.org\/index.php?tar=compostez&amp;id=219&amp;sel=3&amp;ssel=2\" target=\"_blank\" rel=\"noopener\">Moskollectif<\/a><\/li>\n<\/ul>\n<\/li>\n<\/ul>\n<br \/>\n<p>Ces composts collectifs sont g\u00e9r\u00e9s par des collectifs d&rsquo;habitants, et l&rsquo;encadrement de ce r\u00e9seau est confi\u00e9 \u00e0 <a href=\"https:\/\/www.wormsasbl.org\/\" target=\"_blank\" rel=\"noopener\">l&rsquo;asbl Worms<\/a>.<\/p>\n<p>Pour en savoir plus sur ces composts (localisation, contact, etc) =&gt; d\u00e9couvrez<a href=\"https:\/\/www.wormsasbl.org\/reseau-compost-collectif\/\" target=\"_blank\" rel=\"noopener\"> le r\u00e9seau des composts collectifs bruxellois<\/a>.<\/p>\n<p>D\u00e9couvrez \u00e9galement <a href=\"http:\/\/maisonecohuis.be\/?page_id=2030\" target=\"_blank\" rel=\"noopener\">notre prime compost<\/a> : prime \u00e0 l&rsquo;achat d&rsquo;un f\u00fbt \u00e0 compost, d&rsquo;un vermicomposti\u00e8re ou d&rsquo;un bokashi.<\/p>\n<p><img loading=\"lazy\" decoding=\"async\" class=\"alignnone size-medium wp-image-386\" src=\"http:\/\/maisonecohuis.be\/wp-content\/uploads\/2018\/07\/compost-300x225.jpg\" alt=\"\" width=\"300\" height=\"225\" srcset=\"https:\/\/maisonecohuis.be\/wp-content\/uploads\/2018\/07\/compost-300x225.jpg 300w, https:\/\/maisonecohuis.be\/wp-content\/uploads\/2018\/07\/compost-768x576.jpg 768w, https:\/\/maisonecohuis.be\/wp-content\/uploads\/2018\/07\/compost-1024x768.jpg 1024w, https:\/\/maisonecohuis.be\/wp-content\/uploads\/2018\/07\/compost.jpg 1600w\" sizes=\"auto, (max-width: 300px) 100vw, 300px\" \/> <img loading=\"lazy\" decoding=\"async\" class=\"alignnone size-medium wp-image-387\" src=\"http:\/\/maisonecohuis.be\/wp-content\/uploads\/2018\/07\/2012-04-14-11.54.37-300x225.jpg\" alt=\"\" width=\"300\" height=\"225\" srcset=\"https:\/\/maisonecohuis.be\/wp-content\/uploads\/2018\/07\/2012-04-14-11.54.37-300x225.jpg 300w, https:\/\/maisonecohuis.be\/wp-content\/uploads\/2018\/07\/2012-04-14-11.54.37.jpg 640w\" sizes=\"auto, (max-width: 300px) 100vw, 300px\" \/><\/p>\n<p><iframe loading=\"lazy\" title=\"Les compost de quartier\" src=\"https:\/\/player.vimeo.com\/video\/101510992?dnt=1&amp;app_id=122963\" width=\"1160\" height=\"653\" frameborder=\"0\" allow=\"autoplay; fullscreen; picture-in-picture; clipboard-write; encrypted-media\"><\/iframe><\/p>\n\n\n<p>Cellule de V\u00e9g\u00e9talisation Urbaine (CVU) : <a href=\"https:\/\/stgilles.brussels\/services\/qualite-de-vie\/cellule-de-vegetalisation-urbaine\/\" target=\"_blank\" rel=\"noopener\" title=\"\">https:\/\/stgilles.brussels\/services\/qualite-de-vie\/cellule-de-vegetalisation-urbaine\/<\/a><\/p>\n\n\n\n<p>P\u00e9pini\u00e8re durable saint-gilloise : <a href=\"https:\/\/www.lapoussequipousse.be\/\" target=\"_blank\" rel=\"noopener\" title=\"\">La Pousse Qui Pousse<\/a><\/p>\n","protected":false},"excerpt":{"rendered":"<p>Il existe \u00e0 Saint-Gilles plusieurs composts collectifs g\u00e9r\u00e9s par des collectifs citoyens ou par la commune. Liste des composts collectifs: Ecole Ulenspiegel Horta La pousse [&hellip;] <span class=\"read-more-link\"><a class=\"read-more\" href=\"https:\/\/maisonecohuis.be\/?page_id=344\">Read More<\/a><\/span><\/p>\n","protected":false},"author":1,"featured_media":384,"parent":0,"menu_order":0,"comment_status":"closed","ping_status":"closed","template":"","meta":{"om_disable_all_campaigns":false,"_monsterinsights_skip_tracking":false,"_monsterinsights_sitenote_active":false,"_monsterinsights_sitenote_note":"","_monsterinsights_sitenote_category":0,"_uf_show_specific_survey":0,"_uf_disable_surveys":false,"footnotes":""},"class_list":["post-344","page","type-page","status-publish","has-post-thumbnail","hentry"],"aioseo_notices":[],"_links":{"self":[{"href":"https:\/\/maisonecohuis.be\/index.php?rest_route=\/wp\/v2\/pages\/344","targetHints":{"allow":["GET"]}}],"collection":[{"href":"https:\/\/maisonecohuis.be\/index.php?rest_route=\/wp\/v2\/pages"}],"about":[{"href":"https:\/\/maisonecohuis.be\/index.php?rest_route=\/wp\/v2\/types\/page"}],"author":[{"embeddable":true,"href":"https:\/\/maisonecohuis.be\/index.php?rest_route=\/wp\/v2\/users\/1"}],"replies":[{"embeddable":true,"href":"https:\/\/maisonecohuis.be\/index.php?rest_route=%2Fwp%2Fv2%2Fcomments&post=344"}],"version-history":[{"count":15,"href":"https:\/\/maisonecohuis.be\/index.php?rest_route=\/wp\/v2\/pages\/344\/revisions"}],"predecessor-version":[{"id":4588,"href":"https:\/\/maisonecohuis.be\/index.php?rest_route=\/wp\/v2\/pages\/344\/revisions\/4588"}],"wp:featuredmedia":[{"embeddable":true,"href":"https:\/\/maisonecohuis.be\/index.php?rest_route=\/wp\/v2\/media\/384"}],"wp:attachment":[{"href":"https:\/\/maisonecohuis.be\/index.php?rest_route=%2Fwp%2Fv2%2Fmedia&parent=344"}],"curies":[{"name":"wp","href":"https:\/\/api.w.org\/{rel}","templated":true}]}}