{"id":324,"date":"2018-06-08T15:29:55","date_gmt":"2018-06-08T13:29:55","guid":{"rendered":"http:\/\/maisonecohuis.be\/?page_id=324"},"modified":"2026-02-18T11:30:13","modified_gmt":"2026-02-18T10:30:13","slug":"mr-fungi-mme-witloof","status":"publish","type":"page","link":"https:\/\/maisonecohuis.be\/?page_id=324","title":{"rendered":"Mr Fungi &#038; Mme Witloof"},"content":{"rendered":"\n<h5 class=\"wp-block-heading\"><strong><em>Le projet<\/em><\/strong><\/h5>\n\n\n\n<div class=\"wp-block-media-text alignwide is-stacked-on-mobile is-vertically-aligned-top\" style=\"grid-template-columns:45% auto\"><figure class=\"wp-block-media-text__media\"><img loading=\"lazy\" decoding=\"async\" width=\"1024\" height=\"819\" src=\"http:\/\/maisonecohuis.be\/wp-content\/uploads\/2018\/04\/logoettypo-visage-1024x819.png\" alt=\"Logo du projet sur les chicons et les champignons \u00e0 Saint-Gilles, Bruxelles.\" class=\"wp-image-169 size-full\" srcset=\"https:\/\/maisonecohuis.be\/wp-content\/uploads\/2018\/04\/logoettypo-visage-1024x819.png 1024w, https:\/\/maisonecohuis.be\/wp-content\/uploads\/2018\/04\/logoettypo-visage-300x240.png 300w, https:\/\/maisonecohuis.be\/wp-content\/uploads\/2018\/04\/logoettypo-visage-768x615.png 768w\" sizes=\"auto, (max-width: 1024px) 100vw, 1024px\" \/><\/figure><div class=\"wp-block-media-text__content\">\n<p>Le projet \u00ab&nbsp; Monsieur Fungi et Madame Witloof \u00bb a \u00e9t\u00e9 initi\u00e9 conjointement par les communes de Saint-Gilles et de Forest dans le cadre de leurs Agendas 21 Local. Il a vis\u00e9 \u00e0 d\u00e9velopper deux unit\u00e9s de production alimentaire urbaines.<\/p>\n\n\n\n<p><\/p>\n<\/div><\/div>\n\n\n\n<p>L&rsquo;une \u00e0 Forest, sur le site de l\u2019Imprimerie (5 rue de l&rsquo;imprimerie), qui \u00e9tait d\u00e9di\u00e9e \u00e0 la culture de chicons et une non loin de l\u00e0, \u00e0 Saint-Gilles destin\u00e9e \u00e0 la production de pleurotes sur marc de caf\u00e9. Ces centres de production \u00e9taient les points de d\u00e9part des visites et animations.<\/p>\n\n\n\n<p>Le projet Mr Fungi &amp; Mme Witloof a permis aux habitants et acteurs locaux d&rsquo;apprendre \u00e0 cultiver ces aliments sains et locaux \u00e0 la maison. Des cycles d\u2019ateliers ont \u00e9t\u00e9 propos\u00e9s, au cours desquels les participants ont appris tout sur le monde des champignons et des chicons et sont repartis avec un kit de culture chez eux. Plus de 150 personnes ont pu b\u00e9n\u00e9ficier de ces ateliers !<\/p>\n\n\n\n<p>Le projet s&rsquo;est cl\u00f4tur\u00e9 en 2020 d\u00e9finitivement.<\/p>\n\n\n\n<div style=\"height:40px\" aria-hidden=\"true\" class=\"wp-block-spacer\"><\/div>\n\n\n\n<figure class=\"wp-block-gallery has-nested-images columns-default is-cropped wp-block-gallery-1 is-layout-flex wp-block-gallery-is-layout-flex\">\n<figure class=\"wp-block-image size-large\"><a href=\"https:\/\/maisonecohuis.be\/wp-content\/uploads\/2026\/01\/cycleviechampignondpi-scaled.jpg\"><img loading=\"lazy\" decoding=\"async\" width=\"1024\" height=\"723\" data-id=\"5428\" src=\"https:\/\/maisonecohuis.be\/wp-content\/uploads\/2026\/01\/cycleviechampignondpi-1024x723.jpg\" alt=\"Cycle de vie du champignon du projet sur les chicons et les champignons \u00e0 Saint-Gilles, Bruxelles.\" class=\"wp-image-5428\" srcset=\"https:\/\/maisonecohuis.be\/wp-content\/uploads\/2026\/01\/cycleviechampignondpi-1024x723.jpg 1024w, https:\/\/maisonecohuis.be\/wp-content\/uploads\/2026\/01\/cycleviechampignondpi-300x212.jpg 300w, https:\/\/maisonecohuis.be\/wp-content\/uploads\/2026\/01\/cycleviechampignondpi-768x543.jpg 768w, https:\/\/maisonecohuis.be\/wp-content\/uploads\/2026\/01\/cycleviechampignondpi-1536x1085.jpg 1536w, https:\/\/maisonecohuis.be\/wp-content\/uploads\/2026\/01\/cycleviechampignondpi-2048x1447.jpg 2048w\" sizes=\"auto, (max-width: 1024px) 100vw, 1024px\" \/><\/a><\/figure>\n\n\n\n<figure class=\"wp-block-image size-large\"><a href=\"https:\/\/maisonecohuis.be\/wp-content\/uploads\/2026\/01\/productionwitloof-30aoutdpi-scaled.jpg\"><img loading=\"lazy\" decoding=\"async\" width=\"1024\" height=\"723\" data-id=\"5429\" src=\"https:\/\/maisonecohuis.be\/wp-content\/uploads\/2026\/01\/productionwitloof-30aoutdpi-1024x723.jpg\" alt=\"Cycle de vie de la culture du chicon du projet sur les chicons et les champignons \u00e0 Saint-Gilles, Bruxelles.\" class=\"wp-image-5429\" srcset=\"https:\/\/maisonecohuis.be\/wp-content\/uploads\/2026\/01\/productionwitloof-30aoutdpi-1024x723.jpg 1024w, https:\/\/maisonecohuis.be\/wp-content\/uploads\/2026\/01\/productionwitloof-30aoutdpi-300x212.jpg 300w, https:\/\/maisonecohuis.be\/wp-content\/uploads\/2026\/01\/productionwitloof-30aoutdpi-768x542.jpg 768w, https:\/\/maisonecohuis.be\/wp-content\/uploads\/2026\/01\/productionwitloof-30aoutdpi-1536x1085.jpg 1536w, https:\/\/maisonecohuis.be\/wp-content\/uploads\/2026\/01\/productionwitloof-30aoutdpi-2048x1446.jpg 2048w\" sizes=\"auto, (max-width: 1024px) 100vw, 1024px\" \/><\/a><\/figure>\n<\/figure>\n","protected":false},"excerpt":{"rendered":"<p>Le projet Le projet \u00ab&nbsp; Monsieur Fungi et Madame Witloof \u00bb a \u00e9t\u00e9 initi\u00e9 conjointement par les communes de Saint-Gilles et de Forest dans le [&hellip;] <span class=\"read-more-link\"><a class=\"read-more\" href=\"https:\/\/maisonecohuis.be\/?page_id=324\">Read More<\/a><\/span><\/p>\n","protected":false},"author":1,"featured_media":0,"parent":0,"menu_order":0,"comment_status":"closed","ping_status":"closed","template":"","meta":{"om_disable_all_campaigns":false,"_monsterinsights_skip_tracking":false,"_monsterinsights_sitenote_active":false,"_monsterinsights_sitenote_note":"","_monsterinsights_sitenote_category":0,"_uf_show_specific_survey":0,"_uf_disable_surveys":false,"footnotes":""},"class_list":["post-324","page","type-page","status-publish","hentry"],"aioseo_notices":[],"_links":{"self":[{"href":"https:\/\/maisonecohuis.be\/index.php?rest_route=\/wp\/v2\/pages\/324","targetHints":{"allow":["GET"]}}],"collection":[{"href":"https:\/\/maisonecohuis.be\/index.php?rest_route=\/wp\/v2\/pages"}],"about":[{"href":"https:\/\/maisonecohuis.be\/index.php?rest_route=\/wp\/v2\/types\/page"}],"author":[{"embeddable":true,"href":"https:\/\/maisonecohuis.be\/index.php?rest_route=\/wp\/v2\/users\/1"}],"replies":[{"embeddable":true,"href":"https:\/\/maisonecohuis.be\/index.php?rest_route=%2Fwp%2Fv2%2Fcomments&post=324"}],"version-history":[{"count":6,"href":"https:\/\/maisonecohuis.be\/index.php?rest_route=\/wp\/v2\/pages\/324\/revisions"}],"predecessor-version":[{"id":5433,"href":"https:\/\/maisonecohuis.be\/index.php?rest_route=\/wp\/v2\/pages\/324\/revisions\/5433"}],"wp:attachment":[{"href":"https:\/\/maisonecohuis.be\/index.php?rest_route=%2Fwp%2Fv2%2Fmedia&parent=324"}],"curies":[{"name":"wp","href":"https:\/\/api.w.org\/{rel}","templated":true}]}}