{"id":2068,"date":"2021-11-30T14:47:39","date_gmt":"2021-11-30T13:47:39","guid":{"rendered":"http:\/\/maisonecohuis.be\/?page_id=2068"},"modified":"2026-03-31T14:42:11","modified_gmt":"2026-03-31T12:42:11","slug":"prime-chat","status":"publish","type":"page","link":"https:\/\/maisonecohuis.be\/?page_id=2068","title":{"rendered":"Prime st\u00e9rilisation"},"content":{"rendered":"\n<h5 class=\"wp-block-heading\"><span style=\"color: #ff0000;\">!! Modification des conditions d&rsquo;acc\u00e8s \u00e0 la prime : \u00e0 partir du 1er septembre 2025, seules les personnes BIM et \u00e0 bas revenus seront accept\u00e9es !!<\/span><\/h5>\n\n\n\n<h5 class=\"wp-block-heading\"><span style=\"color: #ff0000;\">Veuillez prendre connaissance des informations suivantes :<\/span><\/h5>\n\n\n\n<h3 class=\"wp-block-heading\"><strong>Prime pour la st\u00e9rilisation des chats domestiques (Cellule Bien-\u00eatre animal).<\/strong><\/h3>\n\n\n\n<p>Vous avez un chat&nbsp;? Vous voulez le faire st\u00e9riliser&nbsp;? La Commune de Saint-Gilles octroie une prime \u00e0 la st\u00e9rilisation des chats domestiques.<\/p>\n\n\n\n<p><strong>Pourquoi faire st\u00e9riliser son chat ?<\/strong><\/p>\n\n\n\n<ul class=\"wp-block-list\">\n<li>C&rsquo;est une obligation en R\u00e9gion bruxelloise<\/li>\n\n\n\n<li>Un chat st\u00e9rilis\u00e9 d\u00e9veloppe moins de maladies (cancer notamment)<\/li>\n\n\n\n<li>Depuis 15 ans, la population f\u00e9line augmente consid\u00e9rablement, entra\u00eenant une augmentation des chats errants dans nos rues, des refuges surpeupl\u00e9s ainsi qu&rsquo;une pr\u00e9dation forte sur la faune urbaine (oiseaux entre autres).<\/li>\n<\/ul>\n\n\n\n<p><strong>Montant de la prime :<\/strong><\/p>\n\n\n\n<p>La prime communale s\u2019\u00e9l\u00e8ve \u00e0 50% du total du co\u00fbt de st\u00e9rilisation avec une limite \u00e0 40 euros pour les chats m\u00e2les et \u00e0 75 euros pour les chats femelles.<\/p>\n\n\n\n<p><strong><span style=\"color: #000000;\">Pour b\u00e9n\u00e9ficier de la prime, il faudra d\u00e9sormais :<\/span><\/strong><\/p>\n\n\n\n<ul class=\"wp-block-list\">\n<li><span style=\"color: #000000;\">\u00catre b\u00e9n\u00e9ficiaire du statut <b>BIM<\/b>&nbsp;(b\u00e9n\u00e9ficiaire de l\u2019intervention major\u00e9e),<br><b>ou<\/b><\/span><\/li>\n\n\n\n<li><span data-olk-copy-source=\"MailCompose\" style=\"color: #000000;\">Avoir un revenu annuel ne d\u00e9passant pas <b>120 % du plafond BIM<\/b>, soit pour 2026 :<br>\u2022 <b>33.665,92 \u20ac<\/b>&nbsp;pour une personne isol\u00e9e<br>\u2022 <b>+ 6.232,49 \u20ac<\/b>&nbsp;par personne suppl\u00e9mentaire au sein du m\u00e9nage<\/span><\/li>\n<\/ul>\n\n\n\n<p><span style=\"color: #000000;\"><em>Le calcul des 120% sera mis \u00e0 jour chaque ann\u00e9e selon les mises \u00e0 jour de l&rsquo;INAMI.<\/em><\/span><\/p>\n\n\n\n<figure class=\"wp-block-image size-full\"><a href=\"http:\/\/maisonecohuis.be\/wp-content\/uploads\/2026\/02\/Brochure-Prime-sterilisation-chat-OK_compressed.pdf\" target=\"_blank\" rel=\" noreferrer noopener\"><img loading=\"lazy\" decoding=\"async\" width=\"1003\" height=\"711\" src=\"http:\/\/maisonecohuis.be\/wp-content\/uploads\/2026\/02\/Flyer-p1.jpg\" alt=\"Flyer de la prime st\u00e9rilisation des chats domestiques de l'Administration saint-gilloise, projet MaisonEcoHuis.\" class=\"wp-image-5674\" srcset=\"https:\/\/maisonecohuis.be\/wp-content\/uploads\/2026\/02\/Flyer-p1.jpg 1003w, https:\/\/maisonecohuis.be\/wp-content\/uploads\/2026\/02\/Flyer-p1-300x213.jpg 300w, https:\/\/maisonecohuis.be\/wp-content\/uploads\/2026\/02\/Flyer-p1-768x544.jpg 768w\" sizes=\"auto, (max-width: 1003px) 100vw, 1003px\" \/><\/a><\/figure>\n\n\n\n<div style=\"height:40px\" aria-hidden=\"true\" class=\"wp-block-spacer\"><\/div>\n\n\n\n<div class=\"wp-block-buttons is-layout-flex wp-block-buttons-is-layout-flex\">\n<div class=\"wp-block-button is-style-outline is-style-outline--1\"><a class=\"wp-block-button__link has-very-light-gray-to-cyan-bluish-gray-gradient-background has-background wp-element-button\" href=\"http:\/\/maisonecohuis.be\/wp-content\/uploads\/2025\/07\/Reglement-Prime-Sterilisation-FR.pdf\" target=\"_blank\" rel=\"noreferrer noopener\">Lisez le r\u00e8glement<\/a><\/div>\n<\/div>\n\n\n\n<div style=\"height:20px\" aria-hidden=\"true\" class=\"wp-block-spacer\"><\/div>\n\n\n\n<div class=\"wp-block-buttons is-layout-flex wp-block-buttons-is-layout-flex\">\n<div class=\"wp-block-button is-style-outline is-style-outline--2\"><a class=\"wp-block-button__link has-blush-light-purple-gradient-background has-background wp-element-button\" href=\"http:\/\/maisonecohuis.be\/wp-content\/uploads\/2026\/03\/Formulaire-prime-sterilisation-FR_compressed.pdf\" target=\"_blank\" rel=\"noreferrer noopener\">Compl\u00e9tez le formulaire papier<\/a><\/div>\n<\/div>\n\n\n\n<div style=\"height:20px\" aria-hidden=\"true\" class=\"wp-block-spacer\"><\/div>\n\n\n\n<div class=\"wp-block-buttons is-layout-flex wp-block-buttons-is-layout-flex\">\n<div class=\"wp-block-button is-style-outline is-style-outline--3\"><a class=\"wp-block-button__link has-blush-light-purple-gradient-background has-background wp-element-button\">Formulaire en ligne (\u00e0 venir)<\/a><\/div>\n<\/div>\n\n\n\n<div style=\"height:100px\" aria-hidden=\"true\" class=\"wp-block-spacer\"><\/div>\n\n\n\n<h4 class=\"wp-block-heading\"><strong>Nos autres primes<\/strong><\/h4>\n\n\n\n<figure class=\"wp-block-gallery has-nested-images columns-default is-cropped wp-block-gallery-4 is-layout-flex wp-block-gallery-is-layout-flex\">\n<figure class=\"wp-block-image size-large\"><a href=\"https:\/\/maisonecohuis.be\/?page_id=2030\" target=\"_blank\" rel=\" noreferrer noopener\"><img loading=\"lazy\" decoding=\"async\" width=\"792\" height=\"510\" data-id=\"2090\" src=\"https:\/\/maisonecohuis.be\/wp-content\/uploads\/2021\/11\/couverture-prime-compost-longue.png\" alt=\"Prime compost de l'Administration saint-gilloise, projet MaisonEcoHuis.\" class=\"wp-image-2090\" srcset=\"https:\/\/maisonecohuis.be\/wp-content\/uploads\/2021\/11\/couverture-prime-compost-longue.png 792w, https:\/\/maisonecohuis.be\/wp-content\/uploads\/2021\/11\/couverture-prime-compost-longue-300x193.png 300w, https:\/\/maisonecohuis.be\/wp-content\/uploads\/2021\/11\/couverture-prime-compost-longue-768x495.png 768w\" sizes=\"auto, (max-width: 792px) 100vw, 792px\" \/><\/a><\/figure>\n\n\n\n<figure class=\"wp-block-image size-large\"><a href=\"https:\/\/maisonecohuis.be\/?page_id=2050\" target=\"_blank\" rel=\" noreferrer noopener\"><img loading=\"lazy\" decoding=\"async\" width=\"808\" height=\"482\" data-id=\"2085\" src=\"https:\/\/maisonecohuis.be\/wp-content\/uploads\/2021\/11\/Couverture-prime-eau-longue.png\" alt=\"Prime tonneau de pluie de l'Administration saint-gilloise, projet MaisonEcoHuis.\" class=\"wp-image-2085\" srcset=\"https:\/\/maisonecohuis.be\/wp-content\/uploads\/2021\/11\/Couverture-prime-eau-longue.png 808w, https:\/\/maisonecohuis.be\/wp-content\/uploads\/2021\/11\/Couverture-prime-eau-longue-300x179.png 300w, https:\/\/maisonecohuis.be\/wp-content\/uploads\/2021\/11\/Couverture-prime-eau-longue-768x458.png 768w\" sizes=\"auto, (max-width: 808px) 100vw, 808px\" \/><\/a><\/figure>\n<\/figure>\n","protected":false},"excerpt":{"rendered":"<p>!! Modification des conditions d&rsquo;acc\u00e8s \u00e0 la prime : \u00e0 partir du 1er septembre 2025, seules les personnes BIM et \u00e0 bas revenus seront accept\u00e9es [&hellip;] <span class=\"read-more-link\"><a class=\"read-more\" href=\"https:\/\/maisonecohuis.be\/?page_id=2068\">Read More<\/a><\/span><\/p>\n","protected":false},"author":1,"featured_media":2080,"parent":0,"menu_order":0,"comment_status":"closed","ping_status":"closed","template":"","meta":{"om_disable_all_campaigns":false,"_monsterinsights_skip_tracking":false,"_monsterinsights_sitenote_active":false,"_monsterinsights_sitenote_note":"","_monsterinsights_sitenote_category":0,"_uf_show_specific_survey":0,"_uf_disable_surveys":false,"footnotes":""},"class_list":["post-2068","page","type-page","status-publish","has-post-thumbnail","hentry"],"aioseo_notices":[],"_links":{"self":[{"href":"https:\/\/maisonecohuis.be\/index.php?rest_route=\/wp\/v2\/pages\/2068","targetHints":{"allow":["GET"]}}],"collection":[{"href":"https:\/\/maisonecohuis.be\/index.php?rest_route=\/wp\/v2\/pages"}],"about":[{"href":"https:\/\/maisonecohuis.be\/index.php?rest_route=\/wp\/v2\/types\/page"}],"author":[{"embeddable":true,"href":"https:\/\/maisonecohuis.be\/index.php?rest_route=\/wp\/v2\/users\/1"}],"replies":[{"embeddable":true,"href":"https:\/\/maisonecohuis.be\/index.php?rest_route=%2Fwp%2Fv2%2Fcomments&post=2068"}],"version-history":[{"count":24,"href":"https:\/\/maisonecohuis.be\/index.php?rest_route=\/wp\/v2\/pages\/2068\/revisions"}],"predecessor-version":[{"id":6048,"href":"https:\/\/maisonecohuis.be\/index.php?rest_route=\/wp\/v2\/pages\/2068\/revisions\/6048"}],"wp:featuredmedia":[{"embeddable":true,"href":"https:\/\/maisonecohuis.be\/index.php?rest_route=\/wp\/v2\/media\/2080"}],"wp:attachment":[{"href":"https:\/\/maisonecohuis.be\/index.php?rest_route=%2Fwp%2Fv2%2Fmedia&parent=2068"}],"curies":[{"name":"wp","href":"https:\/\/api.w.org\/{rel}","templated":true}]}}