{"id":117,"date":"2018-04-05T15:42:50","date_gmt":"2018-04-05T13:42:50","guid":{"rendered":"http:\/\/prepa.maisonecohuis.be\/?page_id=117"},"modified":"2026-03-23T15:35:10","modified_gmt":"2026-03-23T14:35:10","slug":"services","status":"publish","type":"page","link":"https:\/\/maisonecohuis.be\/?page_id=117","title":{"rendered":"La MaisonEcoHuis"},"content":{"rendered":"\n<p>La MaisonEcoHuis abrite le <strong>Service Climat et Biodiversit\u00e9<\/strong>, la <strong>Cellule Bien-\u00eatre animal&nbsp;<\/strong>de la Commune de Saint-Gilles et l\u2019\u00e9quipe <strong>Eco&amp;Co<\/strong>, un service du CAFA asbl en partenariat avec le CPAS de Saint-Gilles \u00e9galement.<\/p>\n\n\n\n<p>La pr\u00e9sence dans un m\u00eame lieu de ces trois services distincts permet une r\u00e9ponse coordonn\u00e9e et sp\u00e9cifique pour chaque demande afin d\u2019apporter une solution au plus pr\u00e8s des besoins des habitant\u00b7e\u00b7s.<\/p>\n\n\n\n<details class=\"wp-block-details is-layout-flow wp-block-details-is-layout-flow\"><summary><strong>Service Climat et biodiversit\u00e9 de la commune de Saint-Gilles<\/strong><\/summary>\n<p>Le service Climat et biodiversit\u00e9 accompagne la commune dans sa transition \u00e9cologique et soutient les citoyen\u00b7ne\u00b7s, associations et collectifs engag\u00e9s pour un environnement plus sain, plus r\u00e9silient et plus solidaire.<br>Il agit aujourd\u2019hui autour de trois grandes missions :<\/p>\n\n\n\n<p><em><strong>1. Soutenir la transition climatique communale<\/strong><\/em>.<\/p>\n\n\n\n<ul class=\"wp-block-list\">\n<li>R\u00e9duire l\u2019empreinte carbone des activit\u00e9s communales.<\/li>\n\n\n\n<li>Int\u00e9grer les enjeux climatiques et environnementaux dans les pratiques et projets de l\u2019administration.<\/li>\n\n\n\n<li>Coordonner la mise en \u0153uvre, le suivi et l\u2019\u00e9valuation des plans communaux li\u00e9s au climat, \u00e0 l\u2019adaptation et \u00e0 la biodiversit\u00e9.<\/li>\n\n\n\n<li>Accompagner les services internes dans leurs d\u00e9marches\u202f: achats responsables, mobilit\u00e9 durable, gestion des b\u00e2timents, consommation \u00e9nerg\u00e9tique, gestion de la nature en ville, etc.<\/li>\n\n\n\n<li>Sensibiliser et former les agents communaux aux enjeux du d\u00e9veloppement durable.<\/li>\n<\/ul>\n\n\n\n<p><em><strong>2. Renforcer la biodiversit\u00e9 et la nature en ville<\/strong><\/em>.<\/p>\n\n\n\n<ul class=\"wp-block-list\">\n<li>Soutenir et d\u00e9velopper des projets favorisant la biodiversit\u00e9\u202f: protection de la faune, gestion \u00e9cologique des espaces verts, lutte contre les esp\u00e8ces invasives, v\u00e9g\u00e9talisation des rues et fa\u00e7ades, plantations, conseils sur les am\u00e9nagements pro-biodiversit\u00e9\u2026<\/li>\n\n\n\n<li>Stimuler les initiatives citoyennes de nature urbaine\u202f: recensements participatifs, potagers collectifs, bacs de quartier, balades natures.<\/li>\n<\/ul>\n\n\n\n<p><strong><em>3. Informer, accompagner et mobiliser les citoyen\u00b7ne\u00b7s.<\/em><\/strong><\/p>\n\n\n\n<ul class=\"wp-block-list\">\n<li>Offrir un service de proximit\u00e9 pour informer sur les th\u00e9matiques environnementales\u202f: climat, \u00e9nergie, d\u00e9chets, consommation responsable, eau, mobilit\u00e9, biodiversit\u00e9\u2026<\/li>\n\n\n\n<li>Soutenir les projets collectifs locaux et les initiatives citoyennes en faveur de la transition.<\/li>\n\n\n\n<li>Organiser des activit\u00e9s de sensibilisation\u202f: ateliers, conf\u00e9rences, expositions, permanences conseils, animations scolaires, \u00e9v\u00e9nements participatifs\u2026<\/li>\n\n\n\n<li>Faciliter la mise en r\u00e9seau des acteurs et actrices du territoire autour des projets durables.<\/li>\n<\/ul>\n\n\n\n<p>Cr\u00e9\u00e9e en 2012, la MaisonEcoHuis est aujourd\u2019hui plus que jamais la vitrine de la transition \u00e9cologique \u00e0 Saint-Gilles.<br>Elle constitue un espace d\u2019accueil, d\u2019information et de rencontre entre le service communal, les habitant\u00b7e\u00b7s et les porteur\u00b7euses de projets.<\/p>\n\n\n\n<p>En 2025, le service D\u00e9veloppement durable devient officiellement le <strong>service Climat &amp; Biodiversit\u00e9<\/strong>, renfor\u00e7ant son r\u00f4le central dans l\u2019accompagnement de la transition \u00e9cologique locale et la mobilisation citoyenne.<\/p>\n\n\n\n<p>Contact : <a href=\"mailto:maisonecohuis@stgilles.brussels\" target=\"_blank\" rel=\"noreferrer noopener\">maisonecohuis@stgilles.brussels<\/a><\/p>\n\n\n\n<p>Site web de la <a href=\"https:\/\/stgilles.brussels\/\" target=\"_blank\" rel=\"noreferrer noopener\">Commune de Saint-Gilles<\/a><\/p>\n<\/details>\n\n\n\n<div style=\"height:20px\" aria-hidden=\"true\" class=\"wp-block-spacer\"><\/div>\n\n\n\n<details class=\"wp-block-details is-layout-flow wp-block-details-is-layout-flow\"><summary><strong><strong>Cellule Bien-\u00eatre animal de la commune de Saint-Gilles<\/strong><\/strong><\/summary>\n<p>Cette cellule d\u00e9fend le droit de tous les animaux pr\u00e9sents \u00e0 Saint-Gilles, domestiques comme sauvages. La ville est un milieu de vie pour les humains mais pas que\u2026 il faut donc sensibiliser au droit des animaux, \u00e0 leurs besoins, et s\u2019activer pour une meilleure cohabitation.<\/p>\n\n\n\n<p>Contact : <a href=\"mailto:bienetreanimal@stgilles.brussels\" target=\"_blank\" rel=\"noopener\" title=\"\">bienetreanimal@stgilles.brussels<\/a><\/p>\n<\/details>\n\n\n\n<div style=\"height:20px\" aria-hidden=\"true\" class=\"wp-block-spacer\"><\/div>\n\n\n\n<details class=\"wp-block-details is-layout-flow wp-block-details-is-layout-flow\"><summary><strong><strong><strong>Eco&amp;Co &#8211; service du CAFA\/CPAS<\/strong><\/strong><\/strong><\/summary>\n<p>Eco&amp;co, un service du <a href=\"https:\/\/www.cafa.be\/\" target=\"_blank\" rel=\"noreferrer noopener\">CAFA asbl<\/a> men\u00e9 en partenariat avec le CPAS de Saint-Gilles propose gratuitement aux Saint-Gillois\u00b7e\u00b7s :<\/p>\n\n\n\n<ul class=\"wp-block-list\">\n<li>une s\u00e9rie <strong>d\u2019ateliers collectifs interactifs<\/strong> sur les \u00e9conomies d&rsquo;\u00e9nergie, la fabrication de produits d&rsquo;entretien \u00e9cologiques et \u00e9conomiques, le tri des d\u00e9chets, la gestion du budget, le logement, l&rsquo;eau et l&rsquo;alimentation.<\/li>\n\n\n\n<li>ainsi qu\u2019un <strong>accompagnement personnalis\u00e9 en mati\u00e8re d\u2019\u00e9nergie<\/strong>&nbsp;: audit \u00e9nerg\u00e9tique, aide dans le choix du fournisseur et intervention d\u2019Eco-ouvriers.<\/li>\n<\/ul>\n\n\n\n<p>Les activit\u00e9s favorisent l\u2019expression et les \u00e9change de savoir, elles permettent aux participant\u00b7e\u00b7s de se reconna\u00eetre dans les exp\u00e9riences partag\u00e9es.<\/p>\n\n\n\n<p>Site web du CAFA : <a href=\"https:\/\/cafa.be\/\" target=\"_blank\" rel=\"noreferrer noopener\">cafa.be<\/a><\/p>\n\n\n\n<p>Contact :&nbsp;<a href=\"mailto:eco&amp;co@cpasstgilles.irisnet.be\">eco&amp;co@cpasstgilles.brussels<\/a><\/p>\n<\/details>\n\n\n\n<div style=\"height:40px\" aria-hidden=\"true\" class=\"wp-block-spacer\"><\/div>\n\n\n\n<h4 class=\"wp-block-heading\"><em><strong>La maisonecohuis, c&rsquo;est aussi&#8230;<\/strong><\/em><\/h4>\n\n\n\n<ul class=\"wp-block-list\">\n<li><strong>Un guichet ouvert <\/strong>\u00e0 tous les saint-gillois.es pour toutes les questions li\u00e9es au d\u00e9veloppement durable et \u00e0 l\u2019\u00e9co-gestion.<\/li>\n\n\n\n<li><strong>Un centre d\u2019information<\/strong> sur les primes environnementales, les composts de quartier, les projets durables citoyens ou communaux, la biodiversit\u00e9 en ville, etc\u2026<\/li>\n\n\n\n<li><strong>Un centre de formations<\/strong> sur les techniques de compostage, l&rsquo;\u00e9nergie, le jardinage, l&rsquo;alimentation saine, la nature en ville, etc\u2026 Des ateliers didactiques et participatifs sont r\u00e9guli\u00e8rement organis\u00e9s par le CPAS (Eco&amp;Co) mais aussi par la commune et son service D\u00e9veloppement Durable et sa Cellule Bien-\u00eatre animal.<\/li>\n\n\n\n<li><strong>Un b\u00e2timent exemplaire<\/strong> reconnu en mati\u00e8re de r\u00e9novation tr\u00e8s basse \u00e9nergie. Il est possible de visiter le b\u00e2timent guid\u00e9 par un architecte et le logement tr\u00e8s basse \u00e9nergie en triplex qui le surplombe.<\/li>\n<\/ul>\n\n\n\n<figure class=\"wp-block-gallery has-nested-images columns-default is-cropped wp-block-gallery-1 is-layout-flex wp-block-gallery-is-layout-flex\">\n<figure class=\"wp-block-image size-large\"><img loading=\"lazy\" decoding=\"async\" width=\"683\" height=\"1024\" data-id=\"447\" src=\"https:\/\/maisonecohuis.be\/wp-content\/uploads\/2018\/07\/\u00aegeraldine_dardenne-50-683x1024.jpg\" alt=\"MaisonEcoHuis : rue du Fort 33 \u00e0 Saint-Gilles (Bruxelles).\" class=\"wp-image-447\" srcset=\"https:\/\/maisonecohuis.be\/wp-content\/uploads\/2018\/07\/\u00aegeraldine_dardenne-50.jpg 683w, https:\/\/maisonecohuis.be\/wp-content\/uploads\/2018\/07\/\u00aegeraldine_dardenne-50-200x300.jpg 200w\" sizes=\"auto, (max-width: 683px) 100vw, 683px\" \/><\/figure>\n\n\n\n<figure class=\"wp-block-image size-large\"><img loading=\"lazy\" decoding=\"async\" width=\"1024\" height=\"683\" data-id=\"448\" src=\"https:\/\/maisonecohuis.be\/wp-content\/uploads\/2018\/07\/\u00aegeraldine_dardenne-24-1024x683.jpg\" alt=\"MaisonEcoHuis : rue du Fort 33 \u00e0 Saint-Gilles (Bruxelles).\" class=\"wp-image-448\" srcset=\"https:\/\/maisonecohuis.be\/wp-content\/uploads\/2018\/07\/\u00aegeraldine_dardenne-24.jpg 1024w, https:\/\/maisonecohuis.be\/wp-content\/uploads\/2018\/07\/\u00aegeraldine_dardenne-24-300x200.jpg 300w, https:\/\/maisonecohuis.be\/wp-content\/uploads\/2018\/07\/\u00aegeraldine_dardenne-24-768x512.jpg 768w\" sizes=\"auto, (max-width: 1024px) 100vw, 1024px\" \/><\/figure>\n\n\n\n<figure class=\"wp-block-image size-large\"><img loading=\"lazy\" decoding=\"async\" width=\"683\" height=\"1024\" data-id=\"449\" src=\"https:\/\/maisonecohuis.be\/wp-content\/uploads\/2018\/07\/\u00aegeraldine_dardenne-9-683x1024.jpg\" alt=\"MaisonEcoHuis : rue du Fort 33 \u00e0 Saint-Gilles (Bruxelles).\" class=\"wp-image-449\" srcset=\"https:\/\/maisonecohuis.be\/wp-content\/uploads\/2018\/07\/\u00aegeraldine_dardenne-9.jpg 683w, https:\/\/maisonecohuis.be\/wp-content\/uploads\/2018\/07\/\u00aegeraldine_dardenne-9-200x300.jpg 200w\" sizes=\"auto, (max-width: 683px) 100vw, 683px\" \/><\/figure>\n\n\n\n<figure class=\"wp-block-image size-large\"><img loading=\"lazy\" decoding=\"async\" width=\"1024\" height=\"683\" data-id=\"450\" src=\"https:\/\/maisonecohuis.be\/wp-content\/uploads\/2018\/07\/\u00aegeraldine_dardenne-1-1024x683.jpg\" alt=\"MaisonEcoHuis : rue du Fort 33 \u00e0 Saint-Gilles (Bruxelles).\" class=\"wp-image-450\" srcset=\"https:\/\/maisonecohuis.be\/wp-content\/uploads\/2018\/07\/\u00aegeraldine_dardenne-1.jpg 1024w, https:\/\/maisonecohuis.be\/wp-content\/uploads\/2018\/07\/\u00aegeraldine_dardenne-1-300x200.jpg 300w, https:\/\/maisonecohuis.be\/wp-content\/uploads\/2018\/07\/\u00aegeraldine_dardenne-1-768x512.jpg 768w\" sizes=\"auto, (max-width: 1024px) 100vw, 1024px\" \/><\/figure>\n\n\n\n<figure class=\"wp-block-image size-large\"><img loading=\"lazy\" decoding=\"async\" width=\"1024\" height=\"683\" data-id=\"443\" src=\"https:\/\/maisonecohuis.be\/wp-content\/uploads\/2018\/07\/\u00aegeraldine_dardenne-22-1024x683.jpg\" alt=\"MaisonEcoHuis : rue du Fort 33 \u00e0 Saint-Gilles (Bruxelles).\" class=\"wp-image-443\" srcset=\"https:\/\/maisonecohuis.be\/wp-content\/uploads\/2018\/07\/\u00aegeraldine_dardenne-22.jpg 1024w, https:\/\/maisonecohuis.be\/wp-content\/uploads\/2018\/07\/\u00aegeraldine_dardenne-22-300x200.jpg 300w, https:\/\/maisonecohuis.be\/wp-content\/uploads\/2018\/07\/\u00aegeraldine_dardenne-22-768x512.jpg 768w\" sizes=\"auto, (max-width: 1024px) 100vw, 1024px\" \/><\/figure>\n\n\n\n<figure class=\"wp-block-image size-large\"><img loading=\"lazy\" decoding=\"async\" width=\"1024\" height=\"683\" data-id=\"444\" src=\"https:\/\/maisonecohuis.be\/wp-content\/uploads\/2018\/07\/\u00aegeraldine_dardenne-45-1024x683.jpg\" alt=\"MaisonEcoHuis : rue du Fort 33 \u00e0 Saint-Gilles (Bruxelles).\" class=\"wp-image-444\" srcset=\"https:\/\/maisonecohuis.be\/wp-content\/uploads\/2018\/07\/\u00aegeraldine_dardenne-45.jpg 1024w, https:\/\/maisonecohuis.be\/wp-content\/uploads\/2018\/07\/\u00aegeraldine_dardenne-45-300x200.jpg 300w, https:\/\/maisonecohuis.be\/wp-content\/uploads\/2018\/07\/\u00aegeraldine_dardenne-45-768x512.jpg 768w\" sizes=\"auto, (max-width: 1024px) 100vw, 1024px\" \/><\/figure>\n\n\n\n<figure class=\"wp-block-image size-large\"><img loading=\"lazy\" decoding=\"async\" width=\"1024\" height=\"439\" data-id=\"453\" src=\"https:\/\/maisonecohuis.be\/wp-content\/uploads\/2018\/07\/Accueil-1024x439.jpg\" alt=\"MaisonEcoHuis : rue du Fort 33 \u00e0 Saint-Gilles (Bruxelles).\" class=\"wp-image-453\" srcset=\"https:\/\/maisonecohuis.be\/wp-content\/uploads\/2018\/07\/Accueil-1024x439.jpg 1024w, https:\/\/maisonecohuis.be\/wp-content\/uploads\/2018\/07\/Accueil-300x129.jpg 300w, https:\/\/maisonecohuis.be\/wp-content\/uploads\/2018\/07\/Accueil-768x330.jpg 768w\" sizes=\"auto, (max-width: 1024px) 100vw, 1024px\" \/><\/figure>\n\n\n\n<figure class=\"wp-block-image size-large\"><img loading=\"lazy\" decoding=\"async\" width=\"1024\" height=\"683\" data-id=\"400\" src=\"https:\/\/maisonecohuis.be\/wp-content\/uploads\/2018\/07\/\u00aegeraldine_dardenne-46-1024x683.jpg\" alt=\"MaisonEcoHuis : rue du Fort 33 \u00e0 Saint-Gilles (Bruxelles).\" class=\"wp-image-400\" srcset=\"https:\/\/maisonecohuis.be\/wp-content\/uploads\/2018\/07\/\u00aegeraldine_dardenne-46-1024x683.jpg 1024w, https:\/\/maisonecohuis.be\/wp-content\/uploads\/2018\/07\/\u00aegeraldine_dardenne-46-300x200.jpg 300w, https:\/\/maisonecohuis.be\/wp-content\/uploads\/2018\/07\/\u00aegeraldine_dardenne-46-768x512.jpg 768w\" sizes=\"auto, (max-width: 1024px) 100vw, 1024px\" \/><\/figure>\n\n\n\n<figure class=\"wp-block-image size-full\"><img loading=\"lazy\" decoding=\"async\" width=\"836\" height=\"627\" data-id=\"2352\" src=\"https:\/\/maisonecohuis.be\/wp-content\/uploads\/2022\/02\/IMG_0040.jpg\" alt=\"MaisonEcoHuis : rue du Fort 33 \u00e0 Saint-Gilles (Bruxelles).\" class=\"wp-image-2352\" srcset=\"https:\/\/maisonecohuis.be\/wp-content\/uploads\/2022\/02\/IMG_0040.jpg 836w, https:\/\/maisonecohuis.be\/wp-content\/uploads\/2022\/02\/IMG_0040-300x225.jpg 300w, https:\/\/maisonecohuis.be\/wp-content\/uploads\/2022\/02\/IMG_0040-768x576.jpg 768w\" sizes=\"auto, (max-width: 836px) 100vw, 836px\" \/><\/figure>\n<\/figure>\n","protected":false},"excerpt":{"rendered":"<p>La MaisonEcoHuis abrite le Service Climat et Biodiversit\u00e9, la Cellule Bien-\u00eatre animal&nbsp;de la Commune de Saint-Gilles et l\u2019\u00e9quipe Eco&amp;Co, un service du CAFA asbl en [&hellip;] <span class=\"read-more-link\"><a class=\"read-more\" href=\"https:\/\/maisonecohuis.be\/?page_id=117\">Read More<\/a><\/span><\/p>\n","protected":false},"author":1,"featured_media":0,"parent":0,"menu_order":0,"comment_status":"closed","ping_status":"closed","template":"","meta":{"om_disable_all_campaigns":false,"_monsterinsights_skip_tracking":false,"_monsterinsights_sitenote_active":false,"_monsterinsights_sitenote_note":"","_monsterinsights_sitenote_category":0,"_uf_show_specific_survey":0,"_uf_disable_surveys":false,"footnotes":""},"class_list":["post-117","page","type-page","status-publish","hentry"],"aioseo_notices":[],"_links":{"self":[{"href":"https:\/\/maisonecohuis.be\/index.php?rest_route=\/wp\/v2\/pages\/117","targetHints":{"allow":["GET"]}}],"collection":[{"href":"https:\/\/maisonecohuis.be\/index.php?rest_route=\/wp\/v2\/pages"}],"about":[{"href":"https:\/\/maisonecohuis.be\/index.php?rest_route=\/wp\/v2\/types\/page"}],"author":[{"embeddable":true,"href":"https:\/\/maisonecohuis.be\/index.php?rest_route=\/wp\/v2\/users\/1"}],"replies":[{"embeddable":true,"href":"https:\/\/maisonecohuis.be\/index.php?rest_route=%2Fwp%2Fv2%2Fcomments&post=117"}],"version-history":[{"count":15,"href":"https:\/\/maisonecohuis.be\/index.php?rest_route=\/wp\/v2\/pages\/117\/revisions"}],"predecessor-version":[{"id":6045,"href":"https:\/\/maisonecohuis.be\/index.php?rest_route=\/wp\/v2\/pages\/117\/revisions\/6045"}],"wp:attachment":[{"href":"https:\/\/maisonecohuis.be\/index.php?rest_route=%2Fwp%2Fv2%2Fmedia&parent=117"}],"curies":[{"name":"wp","href":"https:\/\/api.w.org\/{rel}","templated":true}]}}