{"id":1125,"date":"2020-10-29T11:13:29","date_gmt":"2020-10-29T10:13:29","guid":{"rendered":"http:\/\/maisonecohuis.be\/?page_id=1125"},"modified":"2021-12-02T16:21:12","modified_gmt":"2021-12-02T15:21:12","slug":"la-petite-poule-royale-2","status":"publish","type":"page","link":"https:\/\/maisonecohuis.be\/?page_id=1125","title":{"rendered":"La Petite Poule Royale"},"content":{"rendered":"<h3><strong>Projet d&rsquo;agriculture urbaine p\u00e9dagogique<\/strong><\/h3>\n<p><img loading=\"lazy\" decoding=\"async\" class=\"alignnone wp-image-1425\" src=\"http:\/\/maisonecohuis.be\/wp-content\/uploads\/2021\/03\/petite_poule_logo_texte_web.png\" alt=\"\" width=\"461\" height=\"329\" srcset=\"https:\/\/maisonecohuis.be\/wp-content\/uploads\/2021\/03\/petite_poule_logo_texte_web.png 2480w, https:\/\/maisonecohuis.be\/wp-content\/uploads\/2021\/03\/petite_poule_logo_texte_web-300x214.png 300w, https:\/\/maisonecohuis.be\/wp-content\/uploads\/2021\/03\/petite_poule_logo_texte_web-768x549.png 768w, https:\/\/maisonecohuis.be\/wp-content\/uploads\/2021\/03\/petite_poule_logo_texte_web-1024x732.png 1024w\" sizes=\"auto, (max-width: 461px) 100vw, 461px\" \/><\/p>\n<p>Port\u00e9e par les services D\u00e9veloppement durable de Forest et Saint-Gilles, La petite Poule Royale souhaite favoriser l\u2019agriculture urbaine p\u00e9dagogique, en reconnectant l\u2019homme \u00e0 la nature et \u00e0 ses bienfaits, tout en cr\u00e9ant du lien social et une vie de quartier collective.<\/p>\n<p>Le projet fait partie du\u00a0<a href=\"https:\/\/quartiers.brussels\/2\/\" target=\"_blank\" rel=\"noopener\">CRU Roi<\/a>\u00a0(Contrat de R\u00e9novation Urbaine de l\u2019avenue du Roi).<\/p>\n<p><strong>Objectifs :<\/strong><\/p>\n<ul>\n<li>Installer 2 poulaillers collectifs de quartier.<\/li>\n<li>Planter des gramin\u00e9es dans l\u2019espace public, en large bande pour cr\u00e9er une \u00ab bande nourrici\u00e8re \u00bb pour l\u2019avifaune.<\/li>\n<li>Construire et animer un four \u00e0 pain de quartier.<\/li>\n<li>Favoriser le retour des moineaux \u2013 installer de nichoirs.<\/li>\n<li>Organiser des ateliers, animations et formations sur ces th\u00e9matiques destin\u00e9es \u00e0 un large public.<\/li>\n<\/ul>\n<p>D\u00e9couvrez <a href=\"http:\/\/maisonecohuis.be\/wp-content\/uploads\/2020\/10\/CRU-ROI-web-compress\u00e9.pdf\" target=\"_blank\" rel=\"noopener\">le livret d&rsquo;information<\/a><\/p>\n<p><a href=\"http:\/\/maisonecohuis.be\/wp-content\/uploads\/2020\/10\/double-page-petite-poule-royale-1.jpg\" target=\"_blank\" rel=\"noopener\"><img loading=\"lazy\" decoding=\"async\" class=\"alignnone wp-image-1142 size-full\" src=\"http:\/\/maisonecohuis.be\/wp-content\/uploads\/2020\/10\/double-page-petite-poule-royale-1.jpg\" alt=\"\" width=\"1235\" height=\"854\" srcset=\"https:\/\/maisonecohuis.be\/wp-content\/uploads\/2020\/10\/double-page-petite-poule-royale-1.jpg 1235w, https:\/\/maisonecohuis.be\/wp-content\/uploads\/2020\/10\/double-page-petite-poule-royale-1-300x207.jpg 300w, https:\/\/maisonecohuis.be\/wp-content\/uploads\/2020\/10\/double-page-petite-poule-royale-1-768x531.jpg 768w, https:\/\/maisonecohuis.be\/wp-content\/uploads\/2020\/10\/double-page-petite-poule-royale-1-1024x708.jpg 1024w\" sizes=\"auto, (max-width: 1235px) 100vw, 1235px\" \/><\/a><\/p>\n<p><strong>O\u00f9 et quand\u00a0:<\/strong><\/p>\n<p>P\u00e9rim\u00e8tre CRU-Roi (communes de Saint-Gilles et Forest)<\/p>\n<p><a href=\"http:\/\/maisonecohuis.be\/wp-content\/uploads\/2021\/03\/Perim\u00e8tre-cru.jpg\" target=\"_blank\" rel=\"noopener\"><img loading=\"lazy\" decoding=\"async\" class=\"alignnone wp-image-1426\" src=\"http:\/\/maisonecohuis.be\/wp-content\/uploads\/2021\/03\/Perim\u00e8tre-cru.jpg\" alt=\"\" width=\"741\" height=\"360\" srcset=\"https:\/\/maisonecohuis.be\/wp-content\/uploads\/2021\/03\/Perim\u00e8tre-cru.jpg 1860w, https:\/\/maisonecohuis.be\/wp-content\/uploads\/2021\/03\/Perim\u00e8tre-cru-300x146.jpg 300w, https:\/\/maisonecohuis.be\/wp-content\/uploads\/2021\/03\/Perim\u00e8tre-cru-768x373.jpg 768w, https:\/\/maisonecohuis.be\/wp-content\/uploads\/2021\/03\/Perim\u00e8tre-cru-1024x498.jpg 1024w\" sizes=\"auto, (max-width: 741px) 100vw, 741px\" \/><\/a><\/p>\n<p>2020-2022<\/p>\n<p><strong>Plus d\u2019infos\u00a0:<\/strong><\/p>\n<ul>\n<li>Facebook\u00a0: <a href=\"https:\/\/www.facebook.com\/PetitePouleRoyale.KoninklijkeKip\" target=\"_blank\" rel=\"noopener\">https:\/\/www.facebook.com\/PetitePouleRoyale.KoninklijkeKip<\/a><\/li>\n<li>Maison Eco Huis, St-Gilles Gillis : Arnout Vandamme :\u00a0<a href=\"mailto:avandamme@stgilles.brussels\">avandamme@stgilles.brussels<\/a><\/li>\n<li>Service D\u00e9veloppement durable de Forest: Judith Charlier :\u00a0<a href=\"mailto:jcharlier@forest.brussels\">jcharlier@forest.brussels<\/a><\/li>\n<\/ul>\n<p>&nbsp;<\/p>\n","protected":false},"excerpt":{"rendered":"<p>Projet d&rsquo;agriculture urbaine p\u00e9dagogique Port\u00e9e par les services D\u00e9veloppement durable de Forest et Saint-Gilles, La petite Poule Royale souhaite favoriser l\u2019agriculture urbaine p\u00e9dagogique, en reconnectant [&hellip;] <span class=\"read-more-link\"><a class=\"read-more\" href=\"https:\/\/maisonecohuis.be\/?page_id=1125\">Read More<\/a><\/span><\/p>\n","protected":false},"author":1,"featured_media":1126,"parent":0,"menu_order":0,"comment_status":"closed","ping_status":"closed","template":"","meta":{"om_disable_all_campaigns":false,"_monsterinsights_skip_tracking":false,"_monsterinsights_sitenote_active":false,"_monsterinsights_sitenote_note":"","_monsterinsights_sitenote_category":0,"_uf_show_specific_survey":0,"_uf_disable_surveys":false,"footnotes":""},"class_list":["post-1125","page","type-page","status-publish","has-post-thumbnail","hentry"],"aioseo_notices":[],"_links":{"self":[{"href":"https:\/\/maisonecohuis.be\/index.php?rest_route=\/wp\/v2\/pages\/1125","targetHints":{"allow":["GET"]}}],"collection":[{"href":"https:\/\/maisonecohuis.be\/index.php?rest_route=\/wp\/v2\/pages"}],"about":[{"href":"https:\/\/maisonecohuis.be\/index.php?rest_route=\/wp\/v2\/types\/page"}],"author":[{"embeddable":true,"href":"https:\/\/maisonecohuis.be\/index.php?rest_route=\/wp\/v2\/users\/1"}],"replies":[{"embeddable":true,"href":"https:\/\/maisonecohuis.be\/index.php?rest_route=%2Fwp%2Fv2%2Fcomments&post=1125"}],"version-history":[{"count":14,"href":"https:\/\/maisonecohuis.be\/index.php?rest_route=\/wp\/v2\/pages\/1125\/revisions"}],"predecessor-version":[{"id":2189,"href":"https:\/\/maisonecohuis.be\/index.php?rest_route=\/wp\/v2\/pages\/1125\/revisions\/2189"}],"wp:featuredmedia":[{"embeddable":true,"href":"https:\/\/maisonecohuis.be\/index.php?rest_route=\/wp\/v2\/media\/1126"}],"wp:attachment":[{"href":"https:\/\/maisonecohuis.be\/index.php?rest_route=%2Fwp%2Fv2%2Fmedia&parent=1125"}],"curies":[{"name":"wp","href":"https:\/\/api.w.org\/{rel}","templated":true}]}}