{"id":1096,"date":"2020-10-16T10:00:49","date_gmt":"2020-10-16T08:00:49","guid":{"rendered":"http:\/\/maisonecohuis.be\/?page_id=1096"},"modified":"2020-10-16T10:00:49","modified_gmt":"2020-10-16T08:00:49","slug":"lecomap-1060","status":"publish","type":"page","link":"https:\/\/maisonecohuis.be\/?page_id=1096","title":{"rendered":"L&rsquo;EcoMap 1060"},"content":{"rendered":"<h2>\u00ab\u00a0<a href=\"http:\/\/www.ecomap1060.be\">www.ecomap1060.be<\/a>\u00a0\u00bb : Une carte des ressources durables \u00e0 St-Gilles<\/h2>\n<p><img loading=\"lazy\" decoding=\"async\" class=\"alignnone size-large wp-image-412\" src=\"http:\/\/maisonecohuis.be\/wp-content\/uploads\/2018\/07\/image-presentation-1024x579.png\" alt=\"\" width=\"1024\" height=\"579\" srcset=\"https:\/\/maisonecohuis.be\/wp-content\/uploads\/2018\/07\/image-presentation-1024x579.png 1024w, https:\/\/maisonecohuis.be\/wp-content\/uploads\/2018\/07\/image-presentation-300x170.png 300w, https:\/\/maisonecohuis.be\/wp-content\/uploads\/2018\/07\/image-presentation-768x434.png 768w, https:\/\/maisonecohuis.be\/wp-content\/uploads\/2018\/07\/image-presentation.png 1735w\" sizes=\"auto, (max-width: 1024px) 100vw, 1024px\" \/><\/p>\n<p>Pour savoir o\u00f9 jeter vos d\u00e9chets non recyclables dans les sacs de tri, o\u00f9 r\u00e9parer votre lampe de bureau, o\u00f9 trouver un restaurant Bio ou un commerce qui vous propose des produits locaux, etc.. Rendez vous sur notre carte des ressources durables ! <a href=\"http:\/\/www.ecomap1060.be\">www.ecomap1060.be<\/a><\/p>\n","protected":false},"excerpt":{"rendered":"<p>\u00ab\u00a0www.ecomap1060.be\u00a0\u00bb : Une carte des ressources durables \u00e0 St-Gilles Pour savoir o\u00f9 jeter vos d\u00e9chets non recyclables dans les sacs de tri, o\u00f9 r\u00e9parer votre [&hellip;] <span class=\"read-more-link\"><a class=\"read-more\" href=\"https:\/\/maisonecohuis.be\/?page_id=1096\">Read More<\/a><\/span><\/p>\n","protected":false},"author":1,"featured_media":0,"parent":0,"menu_order":0,"comment_status":"closed","ping_status":"closed","template":"","meta":{"om_disable_all_campaigns":false,"_monsterinsights_skip_tracking":false,"_monsterinsights_sitenote_active":false,"_monsterinsights_sitenote_note":"","_monsterinsights_sitenote_category":0,"_uf_show_specific_survey":0,"_uf_disable_surveys":false,"footnotes":""},"class_list":["post-1096","page","type-page","status-publish","hentry"],"aioseo_notices":[],"_links":{"self":[{"href":"https:\/\/maisonecohuis.be\/index.php?rest_route=\/wp\/v2\/pages\/1096","targetHints":{"allow":["GET"]}}],"collection":[{"href":"https:\/\/maisonecohuis.be\/index.php?rest_route=\/wp\/v2\/pages"}],"about":[{"href":"https:\/\/maisonecohuis.be\/index.php?rest_route=\/wp\/v2\/types\/page"}],"author":[{"embeddable":true,"href":"https:\/\/maisonecohuis.be\/index.php?rest_route=\/wp\/v2\/users\/1"}],"replies":[{"embeddable":true,"href":"https:\/\/maisonecohuis.be\/index.php?rest_route=%2Fwp%2Fv2%2Fcomments&post=1096"}],"version-history":[{"count":1,"href":"https:\/\/maisonecohuis.be\/index.php?rest_route=\/wp\/v2\/pages\/1096\/revisions"}],"predecessor-version":[{"id":1097,"href":"https:\/\/maisonecohuis.be\/index.php?rest_route=\/wp\/v2\/pages\/1096\/revisions\/1097"}],"wp:attachment":[{"href":"https:\/\/maisonecohuis.be\/index.php?rest_route=%2Fwp%2Fv2%2Fmedia&parent=1096"}],"curies":[{"name":"wp","href":"https:\/\/api.w.org\/{rel}","templated":true}]}}